{"id":80,"date":"2024-01-31T12:41:29","date_gmt":"2024-01-31T12:41:29","guid":{"rendered":"https:\/\/www.artguru.ai\/blogs-pt\/?page_id=80"},"modified":"2025-07-17T11:43:42","modified_gmt":"2025-07-17T11:43:42","slug":"ai-tattoo-generator","status":"publish","type":"page","link":"https:\/\/www.artguru.ai\/blogs-pt\/ai-tattoo-generator\/","title":{"rendered":"Gerador de Tatuagens Online com IA"},"content":{"rendered":"\n<div class=\"wp-block-media-text alignwide has-media-on-the-right is-stacked-on-mobile\"><figure class=\"wp-block-media-text__media\"><img loading=\"lazy\" width=\"580\" height=\"490\" src=\"https:\/\/img.mbwpai.com\/www.artguru.ai\/sites\/33\/2025\/02\/10103428\/ai-tatto.png\" alt=\"\" class=\"wp-image-136 size-full\" srcset=\"https:\/\/img.mbwpai.com\/www.artguru.ai\/sites\/33\/2025\/02\/10103428\/ai-tatto.png 580w, https:\/\/img.mbwpai.com\/www.artguru.ai\/sites\/33\/2025\/02\/10103428\/ai-tatto-300x253.png 300w\" sizes=\"(max-width: 580px) 100vw, 580px\" \/><\/figure><div class=\"wp-block-media-text__content\">\n<h1 class=\"has-text-align-left wp-block-heading\">Gerador de Tatuagens Online com IA<\/h1>\n\n\n\n<p class=\"has-text-align-left\">Crie designs de tatuagem personalizados em segundos com o gerador de tatuagem Artguru AI. Basta descrever sua vis\u00e3o e nossa intelig\u00eancia artificial gerar\u00e1 uma arte \u00fanica feita especialmente para voc\u00ea. Comece a criar sua tatuagem hoje!<\/p>\n\n\n\n<div class=\"wp-container-69d8b53c88f45 wp-block-group\"><div class=\"wp-block-group__inner-container\">\n<div class=\"wp-container-69d8b53c88f1c wp-block-group\"><div class=\"wp-block-group__inner-container\">\n<div class=\"wp-block-buttons btnBox\">\n<div class=\"wp-block-button\"><a class=\"wp-block-button__link\" href=\"https:\/\/www.artguru.ai\/pt\/ai-text-to-image-generator\/\" target=\"_blank\" rel=\"noreferrer noopener\">Criar Tatuagem com IA<\/a><\/div>\n<\/div>\n<\/div><\/div>\n<style>.wp-container-69d8b53c88f1c .alignleft { float: left; margin-right: 2em; }.wp-container-69d8b53c88f1c .alignright { float: right; margin-left: 2em; }<\/style><\/div><\/div>\n<style>.wp-container-69d8b53c88f45 .alignleft { float: left; margin-right: 2em; }.wp-container-69d8b53c88f45 .alignright { float: right; margin-left: 2em; }<\/style><\/div><\/div>\n\n\n\n<div class=\"wp-block-columns alignfull customizeList listBox has-white-color has-white-background-color has-text-color has-background\">\n<div class=\"wp-block-column has-black-color has-text-color has-background\" style=\"background-color:#f6efff\">\n<h5 class=\"wp-block-heading\"><img loading=\"lazy\" width=\"24\" height=\"24\" class=\"wp-image-160\" style=\"width: 24px;\" src=\"https:\/\/img.mbwpai.com\/www.artguru.ai\/sites\/33\/2025\/02\/11103518\/icon1-1.png\" alt=\"\">Personaliza\u00e7\u00e3o<\/h5>\n\n\n\n<p>Artguru gera designs de tatuagem com base no texto que voc\u00ea fornece.<\/p>\n<\/div>\n\n\n\n<div class=\"wp-block-column has-black-color has-text-color has-background\" style=\"background-color:#f6efff\">\n<h5 class=\"wp-block-heading\"><img loading=\"lazy\" width=\"24\" height=\"24\" class=\"wp-image-161\" style=\"width: 24px;\" src=\"https:\/\/img.mbwpai.com\/www.artguru.ai\/sites\/33\/2025\/02\/11103519\/icon2-1.png\" alt=\"\">Efici\u00eancia no Tempo<\/h5>\n\n\n\n<p>Receba uma variedade de designs de tatuagem feitos especialmente para voc\u00ea em apenas alguns minutos.<\/p>\n<\/div>\n\n\n\n<div class=\"wp-block-column has-black-color has-text-color has-background\" style=\"background-color:#f6efff\">\n<h5 class=\"wp-block-heading\"><img loading=\"lazy\" width=\"24\" height=\"24\" class=\"wp-image-162\" style=\"width: 24px;\" src=\"https:\/\/img.mbwpai.com\/www.artguru.ai\/sites\/33\/2025\/02\/11103520\/icon3-1.png\" alt=\"\">Op\u00e7\u00f5es Ilimitadas<\/h5>\n\n\n\n<p>Desde a tinta preta sutil at\u00e9 cores vibrantes, a Artguru oferece uma variedade de tatuagens para atender ao seu gosto.<\/p>\n<\/div>\n\n\n\n<div class=\"wp-block-column has-black-color has-text-color has-background\" style=\"background-color:#f6efff\">\n<h5 class=\"wp-block-heading\"><img loading=\"lazy\" width=\"24\" height=\"24\" class=\"wp-image-163\" style=\"width: 24px;\" src=\"https:\/\/img.mbwpai.com\/www.artguru.ai\/sites\/33\/2025\/02\/11103521\/icon4-1.png\" alt=\"\">Colabora\u00e7\u00e3o Cont\u00ednua<\/h5>\n\n\n\n<p>Collaborate with Colabore com clientes\/artistas utilizando nossos designs de IA como pontos criativos iniciais.<\/p>\n<\/div>\n<\/div>\n\n\n\n<div class=\"wp-container-69d8b53c8908e wp-block-group whiteBg blogBox\"><div class=\"wp-block-group__inner-container\">\n<h2 class=\"wp-block-heading\">Descubra a Tatuagem dos Seus Sonhos com a Artguru<\/h2>\n\n\n\n<p>End the tiresome hunt for tattoo designs \u2013 <a href=\"https:\/\/www.artguru.ai\/pt\/\" target=\"_blank\" rel=\"noreferrer noopener\"><span style=\"text-decoration: underline\" class=\"underline\"><span style=\"color:#9b51e0\" class=\"tadv-color\">Artguru<\/span><\/span><\/a> has you covered! In just seconds, explore a wide range of unique <br>Acabe com a cansativa busca por designs de tatuagem &#8211; a Artguru tem a solu\u00e7\u00e3o para voc\u00ea! Em apenas segundos, explore uma ampla variedade de designs \u00fanicos, desde flores delicadas e animais cativantes at\u00e9 s\u00edmbolos poderosos e tatuagens com texto significativo. Seja qual for a parte do corpo em que voc\u00ea imagina um design de tatuagem &#8211; m\u00e3os, pesco\u00e7o, costas ou outro lugar &#8211; o gerador de tatuagens com intelig\u00eancia artificial da Artguru tem algo para todos.<\/p>\n\n\n\n<figure class=\"wp-block-image size-large\"><img loading=\"lazy\" width=\"1024\" height=\"479\" src=\"https:\/\/img.mbwpai.com\/www.artguru.ai\/sites\/33\/2025\/02\/10103455\/ai-generated-tattoos-1024x479.png\" alt=\"\" class=\"wp-image-137\" srcset=\"https:\/\/img.mbwpai.com\/www.artguru.ai\/sites\/33\/2025\/02\/10103455\/ai-generated-tattoos-1024x479.png 1024w, https:\/\/img.mbwpai.com\/www.artguru.ai\/sites\/33\/2025\/02\/10103455\/ai-generated-tattoos-300x140.png 300w, https:\/\/img.mbwpai.com\/www.artguru.ai\/sites\/33\/2025\/02\/10103455\/ai-generated-tattoos-768x359.png 768w, https:\/\/img.mbwpai.com\/www.artguru.ai\/sites\/33\/2025\/02\/10103455\/ai-generated-tattoos.png 1240w\" sizes=\"(max-width: 1024px) 100vw, 1024px\" \/><\/figure>\n<\/div><\/div>\n<style>.wp-container-69d8b53c8908e .alignleft { float: left; margin-right: 2em; }.wp-container-69d8b53c8908e .alignright { float: right; margin-left: 2em; }<\/style>\n\n\n<div class=\"wp-container-69d8b53c891b5 wp-block-group alignfull stepBox\"><div class=\"wp-block-group__inner-container\">\n<h2 class=\"wp-block-heading flex-row\">Como Criar Tatuagem com o ArtGuru<\/h2>\n\n\n\n<p>Gerar tatuagens de IA em apenas 3 passos simples.<\/p>\n\n\n\n<div class=\"wp-block-columns alignfull customizeList has-text-color has-background\" style=\"background-color:#ffffff;color:#000000\">\n<div class=\"wp-block-column\">\n<div class=\"wp-block-image size-full\"><figure class=\"aligncenter size-full\"><img loading=\"lazy\" width=\"97\" height=\"97\" src=\"https:\/\/img.mbwpai.com\/www.artguru.ai\/sites\/33\/2025\/02\/10100300\/step1.png\" alt=\"\" class=\"wp-image-105\"\/><\/figure><\/div>\n\n\n\n<p class=\"has-text-align-center has-text-color\" style=\"color:#9b5bbb\">Passo 1<\/p>\n\n\n\n<p class=\"has-text-align-center\">Informe suas ideias de tatuagem da maneira mais detalhada poss\u00edvel. Quanto mais informa\u00e7\u00f5es voc\u00ea fornecer, melhor o AI poder\u00e1 compreender sua vis\u00e3o. <\/p>\n<\/div>\n\n\n\n<div class=\"wp-block-column\">\n<div class=\"wp-block-image size-full\"><figure class=\"aligncenter size-full\"><img loading=\"lazy\" width=\"97\" height=\"97\" src=\"https:\/\/img.mbwpai.com\/www.artguru.ai\/sites\/33\/2025\/02\/10100317\/step2.png\" alt=\"\" class=\"wp-image-106\"\/><\/figure><\/div>\n\n\n\n<p class=\"has-text-align-center has-text-color\" style=\"color:#9b5bbb\">Passo 2<\/p>\n\n\n\n<p class=\"has-text-align-center\">Depois de fornecer o texto descrevendo sua tatuagem, clique no bot\u00e3o &#8216;Gerar&#8217; para deixar a intelig\u00eancia artificial fazer sua m\u00e1gica.<\/p>\n<\/div>\n\n\n\n<div class=\"wp-block-column\">\n<div class=\"wp-block-image size-full\"><figure class=\"aligncenter size-full\"><img loading=\"lazy\" width=\"97\" height=\"97\" src=\"https:\/\/img.mbwpai.com\/www.artguru.ai\/sites\/33\/2025\/02\/10100317\/step3.png\" alt=\"\" class=\"wp-image-107\"\/><\/figure><\/div>\n\n\n\n<p class=\"has-text-align-center has-text-color\" style=\"color:#9b5bbb\">Passo 3<\/p>\n\n\n\n<p class=\"has-text-align-center\">Em apenas alguns instantes, o Gerador de Tatuagens ArtGuru AI mostrar\u00e1 desenhos de tatuagens com base nas suas prefer\u00eancias.<\/p>\n<\/div>\n<\/div>\n\n\n\n<div class=\"wp-block-buttons is-content-justification-center btnBox\">\n<div class=\"wp-block-button\"><a class=\"wp-block-button__link\" href=\"https:\/\/www.artguru.ai\/pt\/ai-text-to-image-generator\/\" target=\"_blank\" rel=\"noreferrer noopener\">Criar Tatuagem com IA<\/a><\/div>\n<\/div>\n<\/div><\/div>\n<style>.wp-container-69d8b53c891b5 .alignleft { float: left; margin-right: 2em; }.wp-container-69d8b53c891b5 .alignright { float: right; margin-left: 2em; }<\/style>\n\n\n<div class=\"wp-container-69d8b53c89207 wp-block-group faqBox\"><div class=\"wp-block-group__inner-container\">\n<h2 class=\"wp-block-heading\">Perguntas Frequentes sobre o Gerador de Tatuagens com IA<\/h2>\n\n\n\n<div class=\"schema-faq wp-block-yoast-faq-block\"><div class=\"schema-faq-section\" id=\"faq-question-1684836961394\"><strong class=\"schema-faq-question\">1.O Gerador de Tatuagens da Artguru AI \u00e9 adequado para todos os estilos de tatuagem?<\/strong> <p class=\"schema-faq-answer\">Certamente! O Gerador de Tatuagens Artguru AI atende a uma ampla variedade de estilos de tatuagens, incluindo tatuagens em tinta preta e designs vibrantes e coloridos. Seja qual for a sua prefer\u00eancia art\u00edstica, o gerador pode acomod\u00e1-la.<\/p> <\/div> <div class=\"schema-faq-section\" id=\"faq-question-1684837025108\"><strong class=\"schema-faq-question\">2.Posso fazer ajustes no design da tatuagem?<\/strong> <p class=\"schema-faq-answer\">Voc\u00ea pode modificar o texto na caixa de entrada. Experimente diferentes palavras-chave, s\u00edmbolos ou temas para ver como a IA se adapta e gera novos designs de tatuagem com base nas altera\u00e7\u00f5es que voc\u00ea fizer.<\/p> <\/div> <\/div>\n<\/div><\/div>\n<style>.wp-container-69d8b53c89207 .alignleft { float: left; margin-right: 2em; }.wp-container-69d8b53c89207 .alignright { float: right; margin-left: 2em; }<\/style>\n\n\n<h2>Descubra Mais Ferramentas de IA<\/h2>\n\n\n\n<div class=\"wp-block-columns alignfull has-text-color has-background\" style=\"background-color:#ffffff;color:#000000\">\n<div class=\"wp-block-column\">\n<figure class=\"wp-block-image size-full\"><img loading=\"lazy\" width=\"342\" height=\"209\" src=\"https:\/\/img.mbwpai.com\/www.artguru.ai\/sites\/33\/2025\/02\/10100646\/artguru-text-to-image-banner.png\" alt=\"\" class=\"wp-image-112\" srcset=\"https:\/\/img.mbwpai.com\/www.artguru.ai\/sites\/33\/2025\/02\/10100646\/artguru-text-to-image-banner.png 342w, https:\/\/img.mbwpai.com\/www.artguru.ai\/sites\/33\/2025\/02\/10100646\/artguru-text-to-image-banner-300x183.png 300w\" sizes=\"(max-width: 342px) 100vw, 342px\" \/><\/figure>\n\n\n\n<h5 class=\"has-text-align-center wp-block-heading\"><a href=\"https:\/\/www.artguru.ai\/pt\/ai-text-to-image-generator\/\" target=\"_blank\" rel=\"noreferrer noopener\"><a href=\"https:\/\/www.canva.com\/pt_br\/gerador-imagem-ia\/\" target=\"_blank\" rel=\"noreferrer noopener\">Gerador de imagens IA<\/a><\/a><\/h5>\n\n\n\n<p class=\"has-text-align-center\">Crie imagens geradas por IA a partir de texto em segundos.<\/p>\n<\/div>\n\n\n\n<div class=\"wp-block-column\">\n<figure class=\"wp-block-image size-large\"><img src=\"https:\/\/img.mbwpai.com\/www.artguru.ai\/sites\/37\/2025\/02\/08092021\/remove-bg-banner.png\" alt=\"\"\/><\/figure>\n\n\n\n<h5 class=\"has-text-align-center wp-block-heading\"><a href=\"https:\/\/www.artguru.ai\/pt\/ai-art-generator-from-photo\/\" target=\"_blank\" rel=\"noreferrer noopener\">Removedor de fundo de imagem<\/a><\/h5>\n\n\n\n<p class=\"has-text-align-center\">Remova fundos de imagens automaticamente com apenas um clique.<\/p>\n<\/div>\n\n\n\n<div class=\"wp-block-column\">\n<figure class=\"wp-block-image size-large\"><img src=\"https:\/\/img.mbwpai.com\/www.artguru.ai\/sites\/37\/2024\/11\/06103938\/artguru-ai-magic-eraser.png\" alt=\"\"\/><\/figure>\n\n\n\n<h5 class=\"has-text-align-center wp-block-heading\"><a href=\"https:\/\/www.artguru.ai\/pt\/ai-avatar-generator\/\" target=\"_blank\" rel=\"noreferrer noopener\">Borracha m\u00e1gica<\/a><\/h5>\n\n\n\n<p class=\"has-text-align-center\">Remove objetos, pessoas ou texto indesejados das suas fotos.<\/p>\n<\/div>\n<\/div>\n\n\n\n<p><\/p>\n","protected":false},"excerpt":{"rendered":"<p>Personaliza\u00e7\u00e3o Artguru gera designs de tatuagem com base no texto que voc\u00ea fornece. Efici\u00eancia no Tempo Receba uma variedade de designs de tatuagem feitos especialmente para voc\u00ea em apenas alguns minutos. Op\u00e7\u00f5es Ilimitadas Desde a tinta preta sutil at\u00e9 cores vibrantes, a Artguru oferece uma variedade de tatuagens para atender ao seu gosto. Colabora\u00e7\u00e3o Cont\u00ednua [&hellip;]<\/p>\n","protected":false},"author":1,"featured_media":0,"parent":0,"menu_order":0,"comment_status":"closed","ping_status":"closed","template":"customPage.php","meta":[],"yoast_head":"<!-- This site is optimized with the Yoast SEO plugin v17.4 - https:\/\/yoast.com\/wordpress\/plugins\/seo\/ -->\n<title>Gerador de Tatuagens Online Gr\u00e1tis com IA- Artguru AI<\/title>\n<meta name=\"description\" content=\"Crie designs de tatuagem personalizados em segundos com o gerador de tatuagem Artguru AI. Basta descrever sua vis\u00e3o e nossa intelig\u00eancia artificial gerar\u00e1 uma arte \u00fanica feita especialmente para voc\u00ea. Comece a criar sua tatuagem hoje!\" \/>\n<meta name=\"robots\" content=\"index, follow, max-snippet:-1, max-image-preview:large, max-video-preview:-1\" \/>\n<link rel=\"canonical\" href=\"https:\/\/www.artguru.ai\/blogs-pt\/ai-tattoo-generator\/\" \/>\n<meta property=\"og:locale\" content=\"en_US\" \/>\n<meta property=\"og:type\" content=\"article\" \/>\n<meta property=\"og:title\" content=\"Gerador de Tatuagens Online Gr\u00e1tis com IA- Artguru AI\" \/>\n<meta property=\"og:description\" content=\"Crie designs de tatuagem personalizados em segundos com o gerador de tatuagem Artguru AI. Basta descrever sua vis\u00e3o e nossa intelig\u00eancia artificial gerar\u00e1 uma arte \u00fanica feita especialmente para voc\u00ea. Comece a criar sua tatuagem hoje!\" \/>\n<meta property=\"og:url\" content=\"https:\/\/www.artguru.ai\/blogs-pt\/ai-tattoo-generator\/\" \/>\n<meta property=\"og:site_name\" content=\"www.artguru.ai\/blogs-pt\" \/>\n<meta property=\"article:modified_time\" content=\"2025-07-17T11:43:42+00:00\" \/>\n<meta property=\"og:image\" content=\"https:\/\/www.artguru.ai\/blogs-pt\/wp-content\/uploads\/sites\/25\/sites\/33\/2025\/02\/ai-tatto.png\" \/>\n<meta name=\"twitter:card\" content=\"summary_large_image\" \/>\n<meta name=\"twitter:label1\" content=\"Est. reading time\" \/>\n\t<meta name=\"twitter:data1\" content=\"5 minutes\" \/>\n<script type=\"application\/ld+json\" class=\"yoast-schema-graph\">{\"@context\":\"https:\/\/schema.org\",\"@graph\":[{\"@type\":\"WebSite\",\"@id\":\"https:\/\/www.artguru.ai\/blogs-pt\/#website\",\"url\":\"https:\/\/www.artguru.ai\/blogs-pt\/\",\"name\":\"www.artguru.ai\/blogs-pt\",\"description\":\"Just another www.artguru.ai site\",\"potentialAction\":[{\"@type\":\"SearchAction\",\"target\":{\"@type\":\"EntryPoint\",\"urlTemplate\":\"https:\/\/www.artguru.ai\/blogs-pt\/?s={search_term_string}\"},\"query-input\":\"required name=search_term_string\"}],\"inLanguage\":\"en-US\"},{\"@type\":\"ImageObject\",\"@id\":\"https:\/\/www.artguru.ai\/blogs-pt\/ai-tattoo-generator\/#primaryimage\",\"inLanguage\":\"en-US\",\"url\":\"https:\/\/www.artguru.ai\/blogs-pt\/wp-content\/uploads\/sites\/25\/sites\/33\/2025\/02\/ai-tatto.png\",\"contentUrl\":\"https:\/\/www.artguru.ai\/blogs-pt\/wp-content\/uploads\/sites\/25\/sites\/33\/2025\/02\/ai-tatto.png\"},{\"@type\":[\"WebPage\",\"FAQPage\"],\"@id\":\"https:\/\/www.artguru.ai\/blogs-pt\/ai-tattoo-generator\/#webpage\",\"url\":\"https:\/\/www.artguru.ai\/blogs-pt\/ai-tattoo-generator\/\",\"name\":\"Gerador de Tatuagens Online Gr\\u00e1tis com IA- Artguru AI\",\"isPartOf\":{\"@id\":\"https:\/\/www.artguru.ai\/blogs-pt\/#website\"},\"primaryImageOfPage\":{\"@id\":\"https:\/\/www.artguru.ai\/blogs-pt\/ai-tattoo-generator\/#primaryimage\"},\"datePublished\":\"2024-01-31T12:41:29+00:00\",\"dateModified\":\"2025-07-17T11:43:42+00:00\",\"description\":\"Crie designs de tatuagem personalizados em segundos com o gerador de tatuagem Artguru AI. Basta descrever sua vis\\u00e3o e nossa intelig\\u00eancia artificial gerar\\u00e1 uma arte \\u00fanica feita especialmente para voc\\u00ea. Comece a criar sua tatuagem hoje!\",\"breadcrumb\":{\"@id\":\"https:\/\/www.artguru.ai\/blogs-pt\/ai-tattoo-generator\/#breadcrumb\"},\"mainEntity\":[{\"@id\":\"https:\/\/www.artguru.ai\/blogs-pt\/ai-tattoo-generator\/#faq-question-1684836961394\"},{\"@id\":\"https:\/\/www.artguru.ai\/blogs-pt\/ai-tattoo-generator\/#faq-question-1684837025108\"}],\"inLanguage\":\"en-US\",\"potentialAction\":[{\"@type\":\"ReadAction\",\"target\":[\"https:\/\/www.artguru.ai\/blogs-pt\/ai-tattoo-generator\/\"]}]},{\"@type\":\"BreadcrumbList\",\"@id\":\"https:\/\/www.artguru.ai\/blogs-pt\/ai-tattoo-generator\/#breadcrumb\",\"itemListElement\":[{\"@type\":\"ListItem\",\"position\":1,\"name\":\"Blog\",\"item\":\"https:\/\/www.artguru.ai\/blogs-pt\/\"},{\"@type\":\"ListItem\",\"position\":2,\"name\":\"Gerador de Tatuagens Online com IA\"}]},{\"@type\":\"Question\",\"@id\":\"https:\/\/www.artguru.ai\/blogs-pt\/ai-tattoo-generator\/#faq-question-1684836961394\",\"position\":1,\"url\":\"https:\/\/www.artguru.ai\/blogs-pt\/ai-tattoo-generator\/#faq-question-1684836961394\",\"name\":\"1.O Gerador de Tatuagens da Artguru AI \\u00e9 adequado para todos os estilos de tatuagem?\",\"answerCount\":1,\"acceptedAnswer\":{\"@type\":\"Answer\",\"text\":\"Certamente! O Gerador de Tatuagens Artguru AI atende a uma ampla variedade de estilos de tatuagens, incluindo tatuagens em tinta preta e designs vibrantes e coloridos. Seja qual for a sua prefer\\u00eancia art\\u00edstica, o gerador pode acomod\\u00e1-la.\",\"inLanguage\":\"en-US\"},\"inLanguage\":\"en-US\"},{\"@type\":\"Question\",\"@id\":\"https:\/\/www.artguru.ai\/blogs-pt\/ai-tattoo-generator\/#faq-question-1684837025108\",\"position\":2,\"url\":\"https:\/\/www.artguru.ai\/blogs-pt\/ai-tattoo-generator\/#faq-question-1684837025108\",\"name\":\"2.Posso fazer ajustes no design da tatuagem?\",\"answerCount\":1,\"acceptedAnswer\":{\"@type\":\"Answer\",\"text\":\"Voc\\u00ea pode modificar o texto na caixa de entrada. Experimente diferentes palavras-chave, s\\u00edmbolos ou temas para ver como a IA se adapta e gera novos designs de tatuagem com base nas altera\\u00e7\\u00f5es que voc\\u00ea fizer.\",\"inLanguage\":\"en-US\"},\"inLanguage\":\"en-US\"}]}<\/script>\n<!-- \/ Yoast SEO plugin. -->","yoast_head_json":{"title":"Gerador de Tatuagens Online Gr\u00e1tis com IA- Artguru AI","description":"Crie designs de tatuagem personalizados em segundos com o gerador de tatuagem Artguru AI. Basta descrever sua vis\u00e3o e nossa intelig\u00eancia artificial gerar\u00e1 uma arte \u00fanica feita especialmente para voc\u00ea. Comece a criar sua tatuagem hoje!","robots":{"index":"index","follow":"follow","max-snippet":"max-snippet:-1","max-image-preview":"max-image-preview:large","max-video-preview":"max-video-preview:-1"},"canonical":"https:\/\/www.artguru.ai\/blogs-pt\/ai-tattoo-generator\/","og_locale":"en_US","og_type":"article","og_title":"Gerador de Tatuagens Online Gr\u00e1tis com IA- Artguru AI","og_description":"Crie designs de tatuagem personalizados em segundos com o gerador de tatuagem Artguru AI. Basta descrever sua vis\u00e3o e nossa intelig\u00eancia artificial gerar\u00e1 uma arte \u00fanica feita especialmente para voc\u00ea. Comece a criar sua tatuagem hoje!","og_url":"https:\/\/www.artguru.ai\/blogs-pt\/ai-tattoo-generator\/","og_site_name":"www.artguru.ai\/blogs-pt","article_modified_time":"2025-07-17T11:43:42+00:00","og_image":[{"url":"https:\/\/www.artguru.ai\/blogs-pt\/wp-content\/uploads\/sites\/25\/sites\/33\/2025\/02\/ai-tatto.png"}],"twitter_card":"summary_large_image","twitter_misc":{"Est. reading time":"5 minutes"},"schema":{"@context":"https:\/\/schema.org","@graph":[{"@type":"WebSite","@id":"https:\/\/www.artguru.ai\/blogs-pt\/#website","url":"https:\/\/www.artguru.ai\/blogs-pt\/","name":"www.artguru.ai\/blogs-pt","description":"Just another www.artguru.ai site","potentialAction":[{"@type":"SearchAction","target":{"@type":"EntryPoint","urlTemplate":"https:\/\/www.artguru.ai\/blogs-pt\/?s={search_term_string}"},"query-input":"required name=search_term_string"}],"inLanguage":"en-US"},{"@type":"ImageObject","@id":"https:\/\/www.artguru.ai\/blogs-pt\/ai-tattoo-generator\/#primaryimage","inLanguage":"en-US","url":"https:\/\/www.artguru.ai\/blogs-pt\/wp-content\/uploads\/sites\/25\/sites\/33\/2025\/02\/ai-tatto.png","contentUrl":"https:\/\/www.artguru.ai\/blogs-pt\/wp-content\/uploads\/sites\/25\/sites\/33\/2025\/02\/ai-tatto.png"},{"@type":["WebPage","FAQPage"],"@id":"https:\/\/www.artguru.ai\/blogs-pt\/ai-tattoo-generator\/#webpage","url":"https:\/\/www.artguru.ai\/blogs-pt\/ai-tattoo-generator\/","name":"Gerador de Tatuagens Online Gr\u00e1tis com IA- Artguru AI","isPartOf":{"@id":"https:\/\/www.artguru.ai\/blogs-pt\/#website"},"primaryImageOfPage":{"@id":"https:\/\/www.artguru.ai\/blogs-pt\/ai-tattoo-generator\/#primaryimage"},"datePublished":"2024-01-31T12:41:29+00:00","dateModified":"2025-07-17T11:43:42+00:00","description":"Crie designs de tatuagem personalizados em segundos com o gerador de tatuagem Artguru AI. Basta descrever sua vis\u00e3o e nossa intelig\u00eancia artificial gerar\u00e1 uma arte \u00fanica feita especialmente para voc\u00ea. Comece a criar sua tatuagem hoje!","breadcrumb":{"@id":"https:\/\/www.artguru.ai\/blogs-pt\/ai-tattoo-generator\/#breadcrumb"},"mainEntity":[{"@id":"https:\/\/www.artguru.ai\/blogs-pt\/ai-tattoo-generator\/#faq-question-1684836961394"},{"@id":"https:\/\/www.artguru.ai\/blogs-pt\/ai-tattoo-generator\/#faq-question-1684837025108"}],"inLanguage":"en-US","potentialAction":[{"@type":"ReadAction","target":["https:\/\/www.artguru.ai\/blogs-pt\/ai-tattoo-generator\/"]}]},{"@type":"BreadcrumbList","@id":"https:\/\/www.artguru.ai\/blogs-pt\/ai-tattoo-generator\/#breadcrumb","itemListElement":[{"@type":"ListItem","position":1,"name":"Blog","item":"https:\/\/www.artguru.ai\/blogs-pt\/"},{"@type":"ListItem","position":2,"name":"Gerador de Tatuagens Online com IA"}]},{"@type":"Question","@id":"https:\/\/www.artguru.ai\/blogs-pt\/ai-tattoo-generator\/#faq-question-1684836961394","position":1,"url":"https:\/\/www.artguru.ai\/blogs-pt\/ai-tattoo-generator\/#faq-question-1684836961394","name":"1.O Gerador de Tatuagens da Artguru AI \u00e9 adequado para todos os estilos de tatuagem?","answerCount":1,"acceptedAnswer":{"@type":"Answer","text":"Certamente! O Gerador de Tatuagens Artguru AI atende a uma ampla variedade de estilos de tatuagens, incluindo tatuagens em tinta preta e designs vibrantes e coloridos. Seja qual for a sua prefer\u00eancia art\u00edstica, o gerador pode acomod\u00e1-la.","inLanguage":"en-US"},"inLanguage":"en-US"},{"@type":"Question","@id":"https:\/\/www.artguru.ai\/blogs-pt\/ai-tattoo-generator\/#faq-question-1684837025108","position":2,"url":"https:\/\/www.artguru.ai\/blogs-pt\/ai-tattoo-generator\/#faq-question-1684837025108","name":"2.Posso fazer ajustes no design da tatuagem?","answerCount":1,"acceptedAnswer":{"@type":"Answer","text":"Voc\u00ea pode modificar o texto na caixa de entrada. Experimente diferentes palavras-chave, s\u00edmbolos ou temas para ver como a IA se adapta e gera novos designs de tatuagem com base nas altera\u00e7\u00f5es que voc\u00ea fizer.","inLanguage":"en-US"},"inLanguage":"en-US"}]}},"_links":{"self":[{"href":"https:\/\/www.artguru.ai\/blogs-pt\/wp-json\/wp\/v2\/pages\/80"}],"collection":[{"href":"https:\/\/www.artguru.ai\/blogs-pt\/wp-json\/wp\/v2\/pages"}],"about":[{"href":"https:\/\/www.artguru.ai\/blogs-pt\/wp-json\/wp\/v2\/types\/page"}],"author":[{"embeddable":true,"href":"https:\/\/www.artguru.ai\/blogs-pt\/wp-json\/wp\/v2\/users\/1"}],"replies":[{"embeddable":true,"href":"https:\/\/www.artguru.ai\/blogs-pt\/wp-json\/wp\/v2\/comments?post=80"}],"version-history":[{"count":6,"href":"https:\/\/www.artguru.ai\/blogs-pt\/wp-json\/wp\/v2\/pages\/80\/revisions"}],"predecessor-version":[{"id":506,"href":"https:\/\/www.artguru.ai\/blogs-pt\/wp-json\/wp\/v2\/pages\/80\/revisions\/506"}],"wp:attachment":[{"href":"https:\/\/www.artguru.ai\/blogs-pt\/wp-json\/wp\/v2\/media?parent=80"}],"curies":[{"name":"wp","href":"https:\/\/api.w.org\/{rel}","templated":true}]}}