{"id":191,"date":"2025-02-13T13:26:16","date_gmt":"2025-02-13T13:26:16","guid":{"rendered":"https:\/\/www.artguru.ai\/blogs-pt\/?page_id=191"},"modified":"2025-07-17T11:46:35","modified_gmt":"2025-07-17T11:46:35","slug":"ai-avatar-maker","status":"publish","type":"page","link":"https:\/\/www.artguru.ai\/blogs-pt\/ai-avatar-maker\/","title":{"rendered":"Crie seu Avatar com Fotos Online"},"content":{"rendered":"\n<div class=\"wp-block-media-text alignwide has-media-on-the-right is-stacked-on-mobile\"><figure class=\"wp-block-media-text__media\"><img src=\"https:\/\/img.mbwpai.com\/www.artguru.ai\/sites\/37\/2023\/07\/06103747\/artguru-pfp.png\" alt=\"\" class=\"wp-image-526 size-full\"\/><\/figure><div class=\"wp-block-media-text__content\">\n<h1 class=\"has-text-align-left wp-block-heading\">Crie seu Avatar com Fotos Online<\/h1>\n\n\n\n<p class=\"has-text-align-left\">Descubra seu avatar perfeito com <a href=\"https:\/\/www.artguru.ai\/pt\/\" target=\"_blank\" rel=\"noreferrer noopener\"><span style=\"text-decoration: underline\" class=\"underline\"><span style=\"color:#9b51e0\" class=\"tadv-color\">Artguru<\/span><\/span><\/a> \u2013 uma ampla variedade de estilos e um processo simples e r\u00e1pido para criar avatares personalizados de alta qualidade. Seja para neg\u00f3cios, express\u00e3o criativa ou redes sociais, nosso gerador com IA cria sua identidade digital com precis\u00e3o e personalidade.<\/p>\n\n\n\n<div class=\"wp-container-69ddceb2931be wp-block-group\"><div class=\"wp-block-group__inner-container\">\n<div class=\"wp-container-69ddceb293192 wp-block-group\"><div class=\"wp-block-group__inner-container\">\n<div class=\"wp-block-buttons btnBox\">\n<div class=\"wp-block-button\"><a class=\"wp-block-button__link\" href=\"https:\/\/www.artguru.ai\/pt\/\" target=\"_blank\" rel=\"noreferrer noopener\">Crie seu Avatar com IA Agora!<\/a><\/div>\n<\/div>\n<\/div><\/div>\n<style>.wp-container-69ddceb293192 .alignleft { float: left; margin-right: 2em; }.wp-container-69ddceb293192 .alignright { float: right; margin-left: 2em; }<\/style><\/div><\/div>\n<style>.wp-container-69ddceb2931be .alignleft { float: left; margin-right: 2em; }.wp-container-69ddceb2931be .alignright { float: right; margin-left: 2em; }<\/style><\/div><\/div>\n\n\n\n<div class=\"wp-block-columns alignfull customizeList listBox has-white-color has-white-background-color has-text-color has-background\">\n<div class=\"wp-block-column has-black-color has-text-color has-background\" style=\"background-color:#f6efff\">\n<h5 class=\"wp-block-heading\"><img class=\"wp-image-1776\" style=\"width: 24px;\" src=\"https:\/\/img.mbwpai.com\/www.artguru.ai\/sites\/37\/2025\/02\/11063921\/icon1.png\" alt=\"\">Estilos Personalizados<\/h5>\n\n\n\n<p>Do elegante empresarial aos toques art\u00edsticos, escolha um estilo que combina com voc\u00ea.<\/p>\n<\/div>\n\n\n\n<div class=\"wp-block-column has-black-color has-text-color has-background\" style=\"background-color:#f6efff\">\n<h5 class=\"wp-block-heading\"><img class=\"wp-image-1777\" style=\"width: 24px;\" src=\"https:\/\/img.mbwpai.com\/www.artguru.ai\/sites\/37\/2025\/02\/11063922\/icon2-1.png\" alt=\"\">Precis\u00e3o Potencializada por IA<\/h5>\n\n\n\n<p>Algoritmos avan\u00e7ados garantem qualidade excepcional em cada avatar.<\/p>\n<\/div>\n\n\n\n<div class=\"wp-block-column has-black-color has-text-color has-background\" style=\"background-color:#f6efff\">\n<h5 class=\"wp-block-heading\"><img class=\"wp-image-1778\" style=\"width: 24px;\" src=\"https:\/\/img.mbwpai.com\/www.artguru.ai\/sites\/37\/2025\/02\/11063923\/icon3.png\" alt=\"\">Op\u00e7\u00f5es Vers\u00e1teis<\/h5>\n\n\n\n<p>Gratuito ou premium, existe uma solu\u00e7\u00e3o perfeita de cria\u00e7\u00e3o de avatar para todos.<\/p>\n<\/div>\n\n\n\n<div class=\"wp-block-column has-black-color has-text-color has-background\" style=\"background-color:#f6efff\">\n<h5 class=\"wp-block-heading\"><img class=\"wp-image-1779\" style=\"width: 24px;\" src=\"https:\/\/img.mbwpai.com\/www.artguru.ai\/sites\/37\/2025\/02\/11063924\/icon4.png\" alt=\"\">M\u00faltiplas Aplica\u00e7\u00f5es<\/h5>\n\n\n\n<p>Perfeito para redes sociais, jogos, plataformas profissionais e muito mais.<\/p>\n<\/div>\n<\/div>\n\n\n\n<div class=\"wp-block-media-text alignwide is-stacked-on-mobile whiteBg space column-reverse\"><figure class=\"wp-block-media-text__media\"><img src=\"https:\/\/img.mbwpai.com\/www.artguru.ai\/sites\/37\/2025\/02\/08100704\/ai-portraits-3.png\" alt=\"\" class=\"wp-image-1640 size-full\"\/><\/figure><div class=\"wp-block-media-text__content\">\n<h2 class=\"has-text-align-left wp-block-heading\">Crie seu Avatar Gr\u00e1tis com uma Foto em Segundos<\/h2>\n\n\n\n<p class=\"has-text-align-left\">Por que se contentar com o comum quando voc\u00ea pode transformar sua foto em um avatar exclusivo? \u00c9 gr\u00e1tis, r\u00e1pido e totalmente personaliz\u00e1vel. Basta enviar sua foto favorita, escolher entre estilos populares como cyberpunk, anime, ou mesmo uma foto de identidade para um toque de realismo. Com um simples clique, veja nosso <a href=\"https:\/\/www.artguru.ai\/pt\/ai-art-generator-from-photo\/\" target=\"_blank\" rel=\"noreferrer noopener\"><span style=\"color:#9b51e0\" class=\"tadv-color\">gerador de arte com IA<\/span><\/a> dar vida ao seu avatar personalizado.<\/p>\n\n\n\n<p class=\"has-text-align-left\">\ud83d\udca1 Para quem ousa definir suas pr\u00f3prias tend\u00eancias, o <a href=\"https:\/\/www.artguru.ai\/pt\/\"><span style=\"color:#9b51e0\" class=\"tadv-color\">gerador de arte com IA<\/span><\/a> do ArtGuru oferece um recurso interessante. Selecione <strong>&#8216;Sem estilo&#8217;<\/strong> depois de enviar sua foto, descreva o avatar dos seus sonhos com suas pr\u00f3prias palavras, e nossa IA criar\u00e1 um avatar que corresponde \u00e0 sua imagina\u00e7\u00e3o.<\/p>\n\n\n\n<div class=\"wp-container-69ddceb293340 wp-block-group\"><div class=\"wp-block-group__inner-container\">\n<div class=\"wp-block-buttons is-content-justification-left btnBox\">\n<div class=\"wp-block-button\"><a class=\"wp-block-button__link\" href=\"https:\/\/www.artguru.ai\/pt\/\" target=\"_blank\" rel=\"noreferrer noopener\">Crie seu Avatar com nosso Gerador de Arte por IA!<\/a><\/div>\n<\/div>\n<\/div><\/div>\n<style>.wp-container-69ddceb293340 .alignleft { float: left; margin-right: 2em; }.wp-container-69ddceb293340 .alignright { float: right; margin-left: 2em; }<\/style><\/div><\/div>\n\n\n\n<div class=\"wp-block-media-text alignwide has-media-on-the-right is-stacked-on-mobile whiteBg space column-reverse\"><figure class=\"wp-block-media-text__media\"><img src=\"https:\/\/img.mbwpai.com\/www.artguru.ai\/sites\/37\/2025\/02\/08090835\/custom-face-swap.png\" alt=\"\" class=\"wp-image-1556 size-full\"\/><\/figure><div class=\"wp-block-media-text__content\">\n<h2 class=\"has-text-align-left wp-block-heading\">Renova\u00e7\u00e3o Gratuita de Avatar &#8211; Seu Retrato em uma Nova Vers\u00e3o<\/h2>\n\n\n\n<p class=\"has-text-align-left has-black-color has-text-color\">Imagine seu rosto perfeitamente integrado em qualquer cen\u00e1rio ou estilo \u2013 <span style=\"color:#9b51e0\" class=\"tadv-color\"><span class=\"has-inline-color has-vivid-purple-color\"><a href=\"https:\/\/www.pica-ai.com\/pt\/face-swap\/\">o Editor de Faces<\/a><\/span> <\/span>torna isso poss\u00edvel. Totalmente gr\u00e1tis, escolha um modelo, combine com sua selfie e veja nossa IA harmonizar suas caracter\u00edsticas, criando sua nova identidade digital. Perfeito para retratos personalizados ou para criar um avatar divertido com um amigo \u2013 transformar sua foto nunca foi t\u00e3o simples.<\/p>\n\n\n\n<div class=\"wp-container-69ddceb2933c9 wp-block-group\"><div class=\"wp-block-group__inner-container\">\n<div class=\"wp-block-buttons is-content-justification-left btnBox\">\n<div class=\"wp-block-button\"><a class=\"wp-block-button__link\" href=\"https:\/\/www.pica-ai.com\/pt\/face-swap\/\" target=\"_blank\" rel=\"noreferrer noopener\">Crie seu Avatar com o Editor de Faces por IA!<\/a><\/div>\n<\/div>\n<\/div><\/div>\n<style>.wp-container-69ddceb2933c9 .alignleft { float: left; margin-right: 2em; }.wp-container-69ddceb2933c9 .alignright { float: right; margin-left: 2em; }<\/style><\/div><\/div>\n\n\n\n<div class=\"wp-block-media-text alignwide is-stacked-on-mobile whiteBg space column-reverse\"><figure class=\"wp-block-media-text__media\"><img src=\"https:\/\/img.mbwpai.com\/www.artguru.ai\/sites\/37\/2025\/02\/08095656\/ai-headshot-1.png\" alt=\"\" class=\"wp-image-1625 size-full\"\/><\/figure><div class=\"wp-block-media-text__content\">\n<h2 class=\"has-text-align-left wp-block-heading\">Fotos Profissional Redefinidas pela IA<\/h2>\n\n\n\n<p class=\"has-text-align-left\">Eleve sua presen\u00e7a profissional com <a href=\"https:\/\/www.artguru.ai\/pt\/ai-headshot-generator\/\"><span style=\"color:#9b51e0\" class=\"tadv-color\">Gerador de Fotos por IA<\/span>.<\/a> Escolha entre diversos estilos empresariais e envie suas fotos para criar um avatar refinado e profissional que se destaca. \u00c9 a alternativa esperta aos ensaios fotogr\u00e1ficos caros, oferecendo uma imagem profissional de alta qualidade que combina com sua marca. Impressione a todos com apenas um clique!<\/p>\n\n\n\n<div class=\"wp-container-69ddceb293452 wp-block-group\"><div class=\"wp-block-group__inner-container\">\n<div class=\"wp-block-buttons is-content-justification-left btnBox\">\n<div class=\"wp-block-button\"><a class=\"wp-block-button__link\" href=\"https:\/\/www.artguru.ai\/pt\/ai-headshot-generator\/\" target=\"_blank\" rel=\"noreferrer noopener\">Crie seu Avatar Profissional com IA!<\/a><\/div>\n<\/div>\n<\/div><\/div>\n<style>.wp-container-69ddceb293452 .alignleft { float: left; margin-right: 2em; }.wp-container-69ddceb293452 .alignright { float: right; margin-left: 2em; }<\/style><\/div><\/div>\n\n\n\n<div class=\"wp-block-media-text alignwide has-media-on-the-right is-stacked-on-mobile whiteBg space column-reverse\"><figure class=\"wp-block-media-text__media\"><img src=\"https:\/\/img.mbwpai.com\/www.artguru.ai\/sites\/37\/2025\/02\/08101033\/ai-selfie-3.png\" alt=\"\" class=\"wp-image-1647 size-full\"\/><\/figure><div class=\"wp-block-media-text__content\">\n<h2 class=\"has-text-align-left wp-block-heading\">Avatar Art\u00edstico: Desperte seu Lado Estrela<\/h2>\n\n\n\n<p class=\"has-text-align-left\">J\u00e1 imaginou se ver passeando por uma metr\u00f3pole cyberpunk iluminada por neon, posando como um \u00edcone Barbie, ou saindo de uma exuberante pintura de Monet? Um gerador criativo de avatar com IA pode transformar esses sonhos em realidade digital. Adapte sua imagem online de acordo com seu humor ou inspira\u00e7\u00e3o com nossa grande variedade de estilos dispon\u00edveis. Os avatares de IA n\u00e3o s\u00e3o apenas art\u00edsticos\u2014s\u00e3o uma representa\u00e7\u00e3o perfeita de voc\u00ea, ideais para dar um toque especial \u00e0s suas redes sociais. Escolha entre diversos estilos criativos e surpreenda a todos com sua nova foto de perfil art\u00edstica que \u00e9 totalmente sua ess\u00eancia, com um toque m\u00e1gico de criatividade!<\/p>\n<\/div><\/div>\n\n\n\n<div class=\"wp-container-69ddceb293500 wp-block-group faqBox\"><div class=\"wp-block-group__inner-container\">\n<h2>Perguntas Frequentes<\/h2>\n\n\n\n<div class=\"schema-faq wp-block-yoast-faq-block\"><div class=\"schema-faq-section\" id=\"faq-question-1684836961394\"><strong class=\"schema-faq-question\">1. O que \u00e9 um Avatar de IA?<\/strong> <p class=\"schema-faq-answer\">Um Avatar de IA \u00e9 uma representa\u00e7\u00e3o digital criada por tecnologia de Intelig\u00eancia Artificial. Ele representa voc\u00ea no ambiente virtual, podendo ser personalizado e utilizado em diferentes redes e plataformas para intera\u00e7\u00f5es pessoais, sociais ou profissionais.<\/p> <\/div> <div class=\"schema-faq-section\" id=\"faq-question-1684837025108\"><strong class=\"schema-faq-question\">2. Posso criar um Avatar de IA gr\u00e1tis?<\/strong> <p class=\"schema-faq-answer\">Sim, voc\u00ea pode criar um Avatar de IA gr\u00e1tis com o Gerador de Arte por IA e o Editor de Faces do Artguru. Estas ferramentas foram desenvolvidas para que voc\u00ea possa gerar avatares sem nenhum custo, oferecendo uma forma acess\u00edvel de criar seu avatar personalizado.<\/p> <\/div> <div class=\"schema-faq-section\" id=\"faq-question-1684837036705\"><strong class=\"schema-faq-question\">3. Quanto tempo demora para criar um Avatar de IA?<\/strong> <p class=\"schema-faq-answer\">O tempo de cria\u00e7\u00e3o do Avatar de IA varia de acordo com a ferramenta do Artguru utilizada. Tirando o Gerador de Headshots de IA e o Gerador de Avatar de IA, as outras ferramentas geralmente criam avatares em quest\u00e3o de segundos, tornando o processo simples e r\u00e1pido.<\/p> <\/div> <\/div>\n<\/div><\/div>\n<style>.wp-container-69ddceb293500 .alignleft { float: left; margin-right: 2em; }.wp-container-69ddceb293500 .alignright { float: right; margin-left: 2em; }<\/style>\n\n\n<div class=\"wp-container-69ddceb293597 wp-block-group whiteBg blogBox\"><div class=\"wp-block-group__inner-container\">\n<div class=\"wp-container-69ddceb29357e wp-block-group whiteBg blogBox\"><div class=\"wp-block-group__inner-container\">\n<h2 class=\"wp-block-heading\">Descubra Seu Estilo: Um Mundo de Avatares Espera por Voc\u00ea!<\/h2>\n\n\n\n<p>Liberte sua imagina\u00e7\u00e3o com ArtGuru! Nosso Gerador de Avatar de IA \u00e9 um universo de estilos. Do profissional ao descontra\u00eddo, do moderno ao cl\u00e1ssico, o ArtGuru \u00e9 sua tela para expressar cada lado da sua personalidade. Explore nossa galeria de estilos e comece a criar seu avatar\u2014este mundo \u00e9 todo seu!<\/p>\n\n\n\n<div class=\"wp-block-buttons is-content-justification-center btnBox\">\n<div class=\"wp-block-button\"><a class=\"wp-block-button__link\" href=\"https:\/\/www.artguru.ai\/pt\/\" target=\"_blank\" rel=\"noreferrer noopener\">Crie Seu Avatar de IA Agora<\/a><\/div>\n<\/div>\n<\/div><\/div>\n<style>.wp-container-69ddceb29357e .alignleft { float: left; margin-right: 2em; }.wp-container-69ddceb29357e .alignright { float: right; margin-left: 2em; }<\/style><\/div><\/div>\n<style>.wp-container-69ddceb293597 .alignleft { float: left; margin-right: 2em; }.wp-container-69ddceb293597 .alignright { float: right; margin-left: 2em; }<\/style>","protected":false},"excerpt":{"rendered":"<p>Estilos Personalizados Do elegante empresarial aos toques art\u00edsticos, escolha um estilo que combina com voc\u00ea. Precis\u00e3o Potencializada por IA Algoritmos avan\u00e7ados garantem qualidade excepcional em cada avatar. Op\u00e7\u00f5es Vers\u00e1teis Gratuito ou premium, existe uma solu\u00e7\u00e3o perfeita de cria\u00e7\u00e3o de avatar para todos. M\u00faltiplas Aplica\u00e7\u00f5es Perfeito para redes sociais, jogos, plataformas profissionais e muito mais. Avatar [&hellip;]<\/p>\n","protected":false},"author":3,"featured_media":0,"parent":0,"menu_order":0,"comment_status":"closed","ping_status":"closed","template":"customPage.php","meta":[],"yoast_head":"<!-- This site is optimized with the Yoast SEO plugin v17.4 - https:\/\/yoast.com\/wordpress\/plugins\/seo\/ -->\n<title>Criador de Avatar Gr\u00e1tis: Crie seu Avatar com Fotos Online<\/title>\n<meta name=\"description\" content=\"Transforme sua foto em um avatar incr\u00edvel. ArtGuru oferece estilos de avatar profissionais e art\u00edsticos para redes sociais, jogos e muito mais. Experimente agora gratuitamente!\" \/>\n<meta name=\"robots\" content=\"index, follow, max-snippet:-1, max-image-preview:large, max-video-preview:-1\" \/>\n<link rel=\"canonical\" href=\"https:\/\/www.artguru.ai\/blogs-pt\/ai-avatar-maker\/\" \/>\n<meta property=\"og:locale\" content=\"en_US\" \/>\n<meta property=\"og:type\" content=\"article\" \/>\n<meta property=\"og:title\" content=\"Criador de Avatar Gr\u00e1tis: Crie seu Avatar com Fotos Online\" \/>\n<meta property=\"og:description\" content=\"Transforme sua foto em um avatar incr\u00edvel. ArtGuru oferece estilos de avatar profissionais e art\u00edsticos para redes sociais, jogos e muito mais. Experimente agora gratuitamente!\" \/>\n<meta property=\"og:url\" content=\"https:\/\/www.artguru.ai\/blogs-pt\/ai-avatar-maker\/\" \/>\n<meta property=\"og:site_name\" content=\"www.artguru.ai\/blogs-pt\" \/>\n<meta property=\"article:modified_time\" content=\"2025-07-17T11:46:35+00:00\" \/>\n<meta property=\"og:image\" content=\"https:\/\/img.mbwpai.com\/www.artguru.ai\/sites\/37\/2023\/07\/06103747\/artguru-pfp.png\" \/>\n<meta name=\"twitter:card\" content=\"summary_large_image\" \/>\n<meta name=\"twitter:label1\" content=\"Est. reading time\" \/>\n\t<meta name=\"twitter:data1\" content=\"5 minutes\" \/>\n<script type=\"application\/ld+json\" class=\"yoast-schema-graph\">{\"@context\":\"https:\/\/schema.org\",\"@graph\":[{\"@type\":\"WebSite\",\"@id\":\"https:\/\/www.artguru.ai\/blogs-pt\/#website\",\"url\":\"https:\/\/www.artguru.ai\/blogs-pt\/\",\"name\":\"www.artguru.ai\/blogs-pt\",\"description\":\"Just another www.artguru.ai site\",\"potentialAction\":[{\"@type\":\"SearchAction\",\"target\":{\"@type\":\"EntryPoint\",\"urlTemplate\":\"https:\/\/www.artguru.ai\/blogs-pt\/?s={search_term_string}\"},\"query-input\":\"required name=search_term_string\"}],\"inLanguage\":\"en-US\"},{\"@type\":\"ImageObject\",\"@id\":\"https:\/\/www.artguru.ai\/blogs-pt\/ai-avatar-maker\/#primaryimage\",\"inLanguage\":\"en-US\",\"url\":\"https:\/\/img.mbwpai.com\/www.artguru.ai\/sites\/37\/2023\/07\/06103747\/artguru-pfp.png\",\"contentUrl\":\"https:\/\/img.mbwpai.com\/www.artguru.ai\/sites\/37\/2023\/07\/06103747\/artguru-pfp.png\"},{\"@type\":[\"WebPage\",\"FAQPage\"],\"@id\":\"https:\/\/www.artguru.ai\/blogs-pt\/ai-avatar-maker\/#webpage\",\"url\":\"https:\/\/www.artguru.ai\/blogs-pt\/ai-avatar-maker\/\",\"name\":\"Criador de Avatar Gr\\u00e1tis: Crie seu Avatar com Fotos Online\",\"isPartOf\":{\"@id\":\"https:\/\/www.artguru.ai\/blogs-pt\/#website\"},\"primaryImageOfPage\":{\"@id\":\"https:\/\/www.artguru.ai\/blogs-pt\/ai-avatar-maker\/#primaryimage\"},\"datePublished\":\"2025-02-13T13:26:16+00:00\",\"dateModified\":\"2025-07-17T11:46:35+00:00\",\"description\":\"Transforme sua foto em um avatar incr\\u00edvel. ArtGuru oferece estilos de avatar profissionais e art\\u00edsticos para redes sociais, jogos e muito mais. Experimente agora gratuitamente!\",\"breadcrumb\":{\"@id\":\"https:\/\/www.artguru.ai\/blogs-pt\/ai-avatar-maker\/#breadcrumb\"},\"mainEntity\":[{\"@id\":\"https:\/\/www.artguru.ai\/blogs-pt\/ai-avatar-maker\/#faq-question-1684836961394\"},{\"@id\":\"https:\/\/www.artguru.ai\/blogs-pt\/ai-avatar-maker\/#faq-question-1684837025108\"},{\"@id\":\"https:\/\/www.artguru.ai\/blogs-pt\/ai-avatar-maker\/#faq-question-1684837036705\"}],\"inLanguage\":\"en-US\",\"potentialAction\":[{\"@type\":\"ReadAction\",\"target\":[\"https:\/\/www.artguru.ai\/blogs-pt\/ai-avatar-maker\/\"]}]},{\"@type\":\"BreadcrumbList\",\"@id\":\"https:\/\/www.artguru.ai\/blogs-pt\/ai-avatar-maker\/#breadcrumb\",\"itemListElement\":[{\"@type\":\"ListItem\",\"position\":1,\"name\":\"Blog\",\"item\":\"https:\/\/www.artguru.ai\/blogs-pt\/\"},{\"@type\":\"ListItem\",\"position\":2,\"name\":\"Crie seu Avatar com Fotos Online\"}]},{\"@type\":\"Question\",\"@id\":\"https:\/\/www.artguru.ai\/blogs-pt\/ai-avatar-maker\/#faq-question-1684836961394\",\"position\":1,\"url\":\"https:\/\/www.artguru.ai\/blogs-pt\/ai-avatar-maker\/#faq-question-1684836961394\",\"name\":\"1. O que \\u00e9 um Avatar de IA?\",\"answerCount\":1,\"acceptedAnswer\":{\"@type\":\"Answer\",\"text\":\"Um Avatar de IA \\u00e9 uma representa\\u00e7\\u00e3o digital criada por tecnologia de Intelig\\u00eancia Artificial. Ele representa voc\\u00ea no ambiente virtual, podendo ser personalizado e utilizado em diferentes redes e plataformas para intera\\u00e7\\u00f5es pessoais, sociais ou profissionais.\",\"inLanguage\":\"en-US\"},\"inLanguage\":\"en-US\"},{\"@type\":\"Question\",\"@id\":\"https:\/\/www.artguru.ai\/blogs-pt\/ai-avatar-maker\/#faq-question-1684837025108\",\"position\":2,\"url\":\"https:\/\/www.artguru.ai\/blogs-pt\/ai-avatar-maker\/#faq-question-1684837025108\",\"name\":\"2. Posso criar um Avatar de IA gr\\u00e1tis?\",\"answerCount\":1,\"acceptedAnswer\":{\"@type\":\"Answer\",\"text\":\"Sim, voc\\u00ea pode criar um Avatar de IA gr\\u00e1tis com o Gerador de Arte por IA e o Editor de Faces do Artguru. Estas ferramentas foram desenvolvidas para que voc\\u00ea possa gerar avatares sem nenhum custo, oferecendo uma forma acess\\u00edvel de criar seu avatar personalizado.\",\"inLanguage\":\"en-US\"},\"inLanguage\":\"en-US\"},{\"@type\":\"Question\",\"@id\":\"https:\/\/www.artguru.ai\/blogs-pt\/ai-avatar-maker\/#faq-question-1684837036705\",\"position\":3,\"url\":\"https:\/\/www.artguru.ai\/blogs-pt\/ai-avatar-maker\/#faq-question-1684837036705\",\"name\":\"3. Quanto tempo demora para criar um Avatar de IA?\",\"answerCount\":1,\"acceptedAnswer\":{\"@type\":\"Answer\",\"text\":\"O tempo de cria\\u00e7\\u00e3o do Avatar de IA varia de acordo com a ferramenta do Artguru utilizada. Tirando o Gerador de Headshots de IA e o Gerador de Avatar de IA, as outras ferramentas geralmente criam avatares em quest\\u00e3o de segundos, tornando o processo simples e r\\u00e1pido.\",\"inLanguage\":\"en-US\"},\"inLanguage\":\"en-US\"}]}<\/script>\n<!-- \/ Yoast SEO plugin. -->","yoast_head_json":{"title":"Criador de Avatar Gr\u00e1tis: Crie seu Avatar com Fotos Online","description":"Transforme sua foto em um avatar incr\u00edvel. ArtGuru oferece estilos de avatar profissionais e art\u00edsticos para redes sociais, jogos e muito mais. Experimente agora gratuitamente!","robots":{"index":"index","follow":"follow","max-snippet":"max-snippet:-1","max-image-preview":"max-image-preview:large","max-video-preview":"max-video-preview:-1"},"canonical":"https:\/\/www.artguru.ai\/blogs-pt\/ai-avatar-maker\/","og_locale":"en_US","og_type":"article","og_title":"Criador de Avatar Gr\u00e1tis: Crie seu Avatar com Fotos Online","og_description":"Transforme sua foto em um avatar incr\u00edvel. ArtGuru oferece estilos de avatar profissionais e art\u00edsticos para redes sociais, jogos e muito mais. Experimente agora gratuitamente!","og_url":"https:\/\/www.artguru.ai\/blogs-pt\/ai-avatar-maker\/","og_site_name":"www.artguru.ai\/blogs-pt","article_modified_time":"2025-07-17T11:46:35+00:00","og_image":[{"url":"https:\/\/img.mbwpai.com\/www.artguru.ai\/sites\/37\/2023\/07\/06103747\/artguru-pfp.png"}],"twitter_card":"summary_large_image","twitter_misc":{"Est. reading time":"5 minutes"},"schema":{"@context":"https:\/\/schema.org","@graph":[{"@type":"WebSite","@id":"https:\/\/www.artguru.ai\/blogs-pt\/#website","url":"https:\/\/www.artguru.ai\/blogs-pt\/","name":"www.artguru.ai\/blogs-pt","description":"Just another www.artguru.ai site","potentialAction":[{"@type":"SearchAction","target":{"@type":"EntryPoint","urlTemplate":"https:\/\/www.artguru.ai\/blogs-pt\/?s={search_term_string}"},"query-input":"required name=search_term_string"}],"inLanguage":"en-US"},{"@type":"ImageObject","@id":"https:\/\/www.artguru.ai\/blogs-pt\/ai-avatar-maker\/#primaryimage","inLanguage":"en-US","url":"https:\/\/img.mbwpai.com\/www.artguru.ai\/sites\/37\/2023\/07\/06103747\/artguru-pfp.png","contentUrl":"https:\/\/img.mbwpai.com\/www.artguru.ai\/sites\/37\/2023\/07\/06103747\/artguru-pfp.png"},{"@type":["WebPage","FAQPage"],"@id":"https:\/\/www.artguru.ai\/blogs-pt\/ai-avatar-maker\/#webpage","url":"https:\/\/www.artguru.ai\/blogs-pt\/ai-avatar-maker\/","name":"Criador de Avatar Gr\u00e1tis: Crie seu Avatar com Fotos Online","isPartOf":{"@id":"https:\/\/www.artguru.ai\/blogs-pt\/#website"},"primaryImageOfPage":{"@id":"https:\/\/www.artguru.ai\/blogs-pt\/ai-avatar-maker\/#primaryimage"},"datePublished":"2025-02-13T13:26:16+00:00","dateModified":"2025-07-17T11:46:35+00:00","description":"Transforme sua foto em um avatar incr\u00edvel. ArtGuru oferece estilos de avatar profissionais e art\u00edsticos para redes sociais, jogos e muito mais. Experimente agora gratuitamente!","breadcrumb":{"@id":"https:\/\/www.artguru.ai\/blogs-pt\/ai-avatar-maker\/#breadcrumb"},"mainEntity":[{"@id":"https:\/\/www.artguru.ai\/blogs-pt\/ai-avatar-maker\/#faq-question-1684836961394"},{"@id":"https:\/\/www.artguru.ai\/blogs-pt\/ai-avatar-maker\/#faq-question-1684837025108"},{"@id":"https:\/\/www.artguru.ai\/blogs-pt\/ai-avatar-maker\/#faq-question-1684837036705"}],"inLanguage":"en-US","potentialAction":[{"@type":"ReadAction","target":["https:\/\/www.artguru.ai\/blogs-pt\/ai-avatar-maker\/"]}]},{"@type":"BreadcrumbList","@id":"https:\/\/www.artguru.ai\/blogs-pt\/ai-avatar-maker\/#breadcrumb","itemListElement":[{"@type":"ListItem","position":1,"name":"Blog","item":"https:\/\/www.artguru.ai\/blogs-pt\/"},{"@type":"ListItem","position":2,"name":"Crie seu Avatar com Fotos Online"}]},{"@type":"Question","@id":"https:\/\/www.artguru.ai\/blogs-pt\/ai-avatar-maker\/#faq-question-1684836961394","position":1,"url":"https:\/\/www.artguru.ai\/blogs-pt\/ai-avatar-maker\/#faq-question-1684836961394","name":"1. O que \u00e9 um Avatar de IA?","answerCount":1,"acceptedAnswer":{"@type":"Answer","text":"Um Avatar de IA \u00e9 uma representa\u00e7\u00e3o digital criada por tecnologia de Intelig\u00eancia Artificial. Ele representa voc\u00ea no ambiente virtual, podendo ser personalizado e utilizado em diferentes redes e plataformas para intera\u00e7\u00f5es pessoais, sociais ou profissionais.","inLanguage":"en-US"},"inLanguage":"en-US"},{"@type":"Question","@id":"https:\/\/www.artguru.ai\/blogs-pt\/ai-avatar-maker\/#faq-question-1684837025108","position":2,"url":"https:\/\/www.artguru.ai\/blogs-pt\/ai-avatar-maker\/#faq-question-1684837025108","name":"2. Posso criar um Avatar de IA gr\u00e1tis?","answerCount":1,"acceptedAnswer":{"@type":"Answer","text":"Sim, voc\u00ea pode criar um Avatar de IA gr\u00e1tis com o Gerador de Arte por IA e o Editor de Faces do Artguru. Estas ferramentas foram desenvolvidas para que voc\u00ea possa gerar avatares sem nenhum custo, oferecendo uma forma acess\u00edvel de criar seu avatar personalizado.","inLanguage":"en-US"},"inLanguage":"en-US"},{"@type":"Question","@id":"https:\/\/www.artguru.ai\/blogs-pt\/ai-avatar-maker\/#faq-question-1684837036705","position":3,"url":"https:\/\/www.artguru.ai\/blogs-pt\/ai-avatar-maker\/#faq-question-1684837036705","name":"3. Quanto tempo demora para criar um Avatar de IA?","answerCount":1,"acceptedAnswer":{"@type":"Answer","text":"O tempo de cria\u00e7\u00e3o do Avatar de IA varia de acordo com a ferramenta do Artguru utilizada. Tirando o Gerador de Headshots de IA e o Gerador de Avatar de IA, as outras ferramentas geralmente criam avatares em quest\u00e3o de segundos, tornando o processo simples e r\u00e1pido.","inLanguage":"en-US"},"inLanguage":"en-US"}]}},"_links":{"self":[{"href":"https:\/\/www.artguru.ai\/blogs-pt\/wp-json\/wp\/v2\/pages\/191"}],"collection":[{"href":"https:\/\/www.artguru.ai\/blogs-pt\/wp-json\/wp\/v2\/pages"}],"about":[{"href":"https:\/\/www.artguru.ai\/blogs-pt\/wp-json\/wp\/v2\/types\/page"}],"author":[{"embeddable":true,"href":"https:\/\/www.artguru.ai\/blogs-pt\/wp-json\/wp\/v2\/users\/3"}],"replies":[{"embeddable":true,"href":"https:\/\/www.artguru.ai\/blogs-pt\/wp-json\/wp\/v2\/comments?post=191"}],"version-history":[{"count":8,"href":"https:\/\/www.artguru.ai\/blogs-pt\/wp-json\/wp\/v2\/pages\/191\/revisions"}],"predecessor-version":[{"id":510,"href":"https:\/\/www.artguru.ai\/blogs-pt\/wp-json\/wp\/v2\/pages\/191\/revisions\/510"}],"wp:attachment":[{"href":"https:\/\/www.artguru.ai\/blogs-pt\/wp-json\/wp\/v2\/media?parent=191"}],"curies":[{"name":"wp","href":"https:\/\/api.w.org\/{rel}","templated":true}]}}