{"id":168,"date":"2025-05-08T04:35:31","date_gmt":"2025-05-08T04:35:31","guid":{"rendered":"https:\/\/www.artguru.ai\/blogs-de\/?page_id=168"},"modified":"2025-05-08T04:35:32","modified_gmt":"2025-05-08T04:35:32","slug":"photo-to-sketch","status":"publish","type":"page","link":"https:\/\/www.artguru.ai\/blogs-de\/photo-to-sketch\/","title":{"rendered":"Bild in Zeichnung umwandeln"},"content":{"rendered":"\n<div class=\"wp-block-media-text alignwide has-media-on-the-right is-stacked-on-mobile\"><figure class=\"wp-block-media-text__media\"><img src=\"https:\/\/img.mbwpai.com\/www.artguru.ai\/sites\/37\/2025\/04\/29072056\/Convert-Photo-to-Sketch.webp\" alt=\"Convert Photo to Sketch with Artguru\" class=\"wp-image-2206 size-full\" \/><\/figure><div class=\"wp-block-media-text__content\">\n<h1 class=\"has-text-align-left wp-block-heading\">Bild in Zeichnung umwandeln<\/h1>\n\n\n\n<p class=\"has-text-align-left\">Verwandeln Sie mit Artgurus KI-basiertem Zeicheneffekt Ihre Fotos innerhalb von Sekunden in einzigartige Bleistiftskizzen.<\/p>\n\n\n\n<div class=\"wp-block-buttons is-content-justification-left btnBox\">\n<div class=\"wp-block-button\"><a class=\"wp-block-button__link\" href=\"https:\/\/www.artguru.ai\/de\/ai-text-to-image-generator\/\" target=\"_blank\" rel=\"noreferrer noopener\">Foto in Zeichnung umwandeln<\/a><\/div>\n<\/div>\n<\/div><\/div>\n\n\n\n<div class=\"wp-block-group\"><div class=\"wp-block-group__inner-container\">\n<div class=\"wp-block-columns\">\n<div class=\"wp-block-column\" style=\"flex-basis:100%\">\n<div class=\"wp-block-columns\">\n<div class=\"wp-block-column\" style=\"flex-basis:100%\">\n<div class=\"wp-block-columns alignfull customizeList listBox has-white-color has-white-background-color has-text-color has-background\">\n<div class=\"wp-block-column has-black-color has-text-color has-background\" style=\"background-color:#f6efff\">\n<h5 class=\"wp-block-heading\"><img class=\"wp-image-1776\" style=\"width: 24px\" src=\"https:\/\/img.mbwpai.com\/www.artguru.ai\/sites\/37\/2025\/02\/11063921\/icon1.png\" alt=\"\">Kostenlos und ohne Anmeldung<\/h5>\n\n\n\n<p>Artguru Bilder kostenlos in Skizzen verwandeln &#8211; keine Registrierung n\u00f6tig<\/p>\n<\/div>\n\n\n\n<div class=\"wp-block-column has-black-color has-text-color has-background\" style=\"background-color:#f6efff\">\n<h5 class=\"wp-block-heading\"><img class=\"wp-image-1777\" style=\"width: 24px\" src=\"https:\/\/img.mbwpai.com\/www.artguru.ai\/sites\/37\/2025\/02\/11063922\/icon2-1.png\" alt=\"\">Moderne KI-Technologie<\/h5>\n\n\n\n<p>Artgurus KI verwandelt Ihre Fotos blitzschnell in kunstvolle Skizzen<\/p>\n<\/div>\n\n\n\n<div class=\"wp-block-column has-black-color has-text-color has-background\" style=\"background-color:#f6efff\">\n<h5 class=\"wp-block-heading\"><img class=\"wp-image-1778\" style=\"width: 24px\" src=\"https:\/\/img.mbwpai.com\/www.artguru.ai\/sites\/37\/2025\/02\/11063923\/icon3.png\" alt=\"\">Freie Verwendung<\/h5>\n\n\n\n<p>Ihre Skizzen herunterladen, in sozialen Medien teilen oder als pers\u00f6nliches Geschenk verwenden<\/p>\n<\/div>\n\n\n\n<div class=\"wp-block-column has-black-color has-text-color has-background\" style=\"background-color:#f6efff\">\n<h5 class=\"wp-block-heading\"><img class=\"wp-image-1779\" style=\"width: 24px\" src=\"https:\/\/img.mbwpai.com\/www.artguru.ai\/sites\/37\/2025\/02\/11063924\/icon4.png\" alt=\"\">Keine Vorkenntnisse n\u00f6tig<\/h5>\n\n\n\n<p>Verwandeln Sie Ihre Fotos ganz einfach in k\u00fcnstlerische Skizzen &#8211; auch ohne jegliche Zeichenerfahrung.<\/p>\n<\/div>\n<\/div>\n<\/div>\n<\/div>\n<\/div>\n<\/div>\n<\/div><\/div>\n\n\n\n<div class=\"wp-block-media-text alignwide is-stacked-on-mobile whiteBg space column-reverse\"><figure class=\"wp-block-media-text__media\"><img src=\"https:\/\/img.mbwpai.com\/www.artguru.ai\/sites\/37\/2025\/04\/29072114\/Turn-Your-Photos-into-Sketch-in-Seconds.webp\" alt=\"Turn Your Photos into Sketch in Seconds\" class=\"wp-image-2207 size-full\" \/><\/figure><div class=\"wp-block-media-text__content\">\n<h2 class=\"has-text-align-left wp-block-heading\">Fotos blitzschnell in Skizzen verwandeln<\/h2>\n\n\n\n<p class=\"has-text-align-left\">Mit Artguru verwandeln Sie jedes Foto sekundenschnell in eine einzigartige Skizze. Egal ob Portr\u00e4ts, Profilbilder, Haustieraufnahmen, Anime-Motive oder Landschaftsfotos &#8211; laden Sie einfach Ihr Bild hoch, w\u00e4hlen Sie den gew\u00fcnschten Zeichenstil, und schon nach wenigen Augenblicken erhalten Sie eine beeindruckende Skizze. Teilen Sie Ihr Kunstwerk gleich mit Ihren Freunden!<\/p>\n\n\n\n<div class=\"wp-container-6a08ffab2aa9a wp-block-group\"><div class=\"wp-block-group__inner-container\">\n<div class=\"wp-block-buttons is-content-justification-left btnBox\">\n<div class=\"wp-block-button\"><a class=\"wp-block-button__link\" href=\"https:\/\/www.artguru.ai\/de\/ai-text-to-image-generator\/\" target=\"_blank\" rel=\"noreferrer noopener\">Foto in Zeichnung umwandeln<\/a><\/div>\n<\/div>\n<\/div><\/div>\n<style>.wp-container-6a08ffab2aa9a .alignleft { float: left; margin-right: 2em; }.wp-container-6a08ffab2aa9a .alignright { float: right; margin-left: 2em; }<\/style><\/div><\/div>\n\n\n\n<div class=\"wp-block-media-text alignwide has-media-on-the-right is-stacked-on-mobile whiteBg\"><figure class=\"wp-block-media-text__media\"><img src=\"https:\/\/img.mbwpai.com\/www.artguru.ai\/sites\/37\/2025\/04\/29072116\/Unlock-Creativity-with-AI-Sketch-Filter.webp\" alt=\"Unlock Creativity with AI Sketch Filter\" class=\"wp-image-2208 size-full\" \/><\/figure><div class=\"wp-block-media-text__content\">\n<h2 class=\"has-text-align-left wp-block-heading\">Kreativit\u00e4t neu entdecken mit KI-Zeicheneffekten<\/h2>\n\n\n\n<p class=\"has-text-align-left\">Viele nutzen bereits KI-Bildgeneratoren als Inspirationsquelle &#8211; und jetzt k\u00f6nnen Sie mit unserem Foto-in-Skizze-Tool noch kreativer werden. Ob f\u00fcr <a href=\"https:\/\/www.artguru.ai\/blogs\/ai-tattoo-generator\/\" target=\"_blank\" rel=\"noreferrer noopener\">Tattoo<\/a>-Designs oder andere kreative Projekte: Verwandeln Sie Ihre Bilder in ausdrucksstarke, detailreiche Skizzen und gestalten Sie diese nach Ihren Vorstellungen zu einem einzigartigen, pers\u00f6nlichen Kunstwerk.<\/p>\n\n\n\n<div class=\"wp-container-6a08ffab2ab26 wp-block-group\"><div class=\"wp-block-group__inner-container\">\n<div class=\"wp-block-buttons is-content-justification-left btnBox\">\n<div class=\"wp-block-button\"><a class=\"wp-block-button__link\" href=\"https:\/\/www.artguru.ai\/de\/ai-text-to-image-generator\/\" target=\"_blank\" rel=\"noreferrer noopener\">Ihr Foto als Skizze<\/a><\/div>\n<\/div>\n<\/div><\/div>\n<style>.wp-container-6a08ffab2ab26 .alignleft { float: left; margin-right: 2em; }.wp-container-6a08ffab2ab26 .alignright { float: right; margin-left: 2em; }<\/style><\/div><\/div>\n\n\n\n<div class=\"wp-container-6a08ffab2ac56 wp-block-group alignfull stepBox\"><div class=\"wp-block-group__inner-container\">\n<h2 class=\"wp-block-heading flex-row\">Foto in Zeichnung umwandeln mit Artguru<\/h2>\n\n\n\n<p>In nur 3 einfachen Schritten zum Ergebnis.<\/p>\n\n\n\n<div class=\"wp-block-columns alignfull customizeList has-text-color has-background\" style=\"background-color:#ffffff;color:#000000\">\n<div class=\"wp-block-column\">\n<div class=\"wp-block-image size-full\"><figure class=\"aligncenter size-full\"><img src=\"https:\/\/img.mbwpai.com\/www.artguru.ai\/sites\/37\/2025\/02\/08090957\/step1.png\" alt=\"\" class=\"wp-image-1558\" \/><\/figure><\/div>\n\n\n\n<p class=\"has-text-align-center has-text-color\" style=\"color:#9b5bbb\">Schritt 1<\/p>\n\n\n\n<p class=\"has-text-align-center\">W\u00e4hlen Sie ein Foto aus und laden Sie es im Artguru <a href=\"https:\/\/www.artguru.ai\/de\/ai-text-to-image-generator\/\" target=\"_blank\" rel=\"noreferrer noopener\">KI-Bildgenerator<\/a> hoch. W\u00e4hlen Sie den Stil &#8220;Skizze&#8221; aus. F\u00fcr weitere Zeichenstile k\u00f6nnen Sie die Option &#8220;Standard&#8221; w\u00e4hlen.<\/p>\n<\/div>\n\n\n\n<div class=\"wp-block-column\">\n<div class=\"wp-block-image size-full\"><figure class=\"aligncenter size-full\"><img src=\"https:\/\/img.mbwpai.com\/www.artguru.ai\/sites\/37\/2025\/02\/08091013\/step2.png\" alt=\"\" class=\"wp-image-1559\" \/><\/figure><\/div>\n\n\n\n<p class=\"has-text-align-center has-text-color\" style=\"color:#9b5bbb\">Schritt 2<\/p>\n\n\n\n<p class=\"has-text-align-center\">Gestalten Sie Ihre Skizze mit einer Beschreibung. Bei Auswahl &#8220;Standard&#8221; geben Sie bitte eine detaillierte Beschreibung ein, damit die KI Ihren gew\u00fcnschten Zeichenstil optimal umsetzen kann.<\/p>\n<\/div>\n\n\n\n<div class=\"wp-block-column\">\n<div class=\"wp-block-image size-full\"><figure class=\"aligncenter size-full\"><img src=\"https:\/\/img.mbwpai.com\/www.artguru.ai\/sites\/37\/2025\/02\/08091027\/step3.png\" alt=\"\" class=\"wp-image-1560\" \/><\/figure><\/div>\n\n\n\n<p class=\"has-text-align-center has-text-color\" style=\"color:#9b5bbb\">Schritt 3<\/p>\n\n\n\n<p class=\"has-text-align-center\">Klicken Sie auf &#8220;Erstellen&#8221; und lassen Sie unsere KI Ihr Foto in eine kunstvolle Skizze verwandeln.<\/p>\n<\/div>\n<\/div>\n\n\n\n<div class=\"wp-block-buttons is-content-justification-center btnBox\">\n<div class=\"wp-block-button\"><a class=\"wp-block-button__link\" href=\"https:\/\/www.artguru.ai\/de\/ai-text-to-image-generator\/\" target=\"_blank\" rel=\"noreferrer noopener\">Foto in Zeichnung umwandeln<\/a><\/div>\n<\/div>\n<\/div><\/div>\n<style>.wp-container-6a08ffab2ac56 .alignleft { float: left; margin-right: 2em; }.wp-container-6a08ffab2ac56 .alignright { float: right; margin-left: 2em; }<\/style>\n\n\n<div class=\"wp-container-6a08ffab2ad76 wp-block-group faqBox\"><div class=\"wp-block-group__inner-container\">\n<h2 class=\"wp-block-heading\">H\u00e4ufige Fragen zur Umwandlung von Fotos in Zeichnungen<\/h2>\n\n\n\n<div class=\"schema-faq wp-block-yoast-faq-block\"><div class=\"schema-faq-section\" id=\"faq-question-1684836961394\"><strong class=\"schema-faq-question\">1. Was ist ein KI-gest\u00fctzter Bildbearbeiter f\u00fcr Skizzen?<\/strong> <p class=\"schema-faq-answer\">Ein KI-gest\u00fctzter Bildbearbeiter ist eine moderne Technologie, die mithilfe k\u00fcnstlicher Intelligenz Ihre Fotos in verschiedene k\u00fcnstlerische Stile verwandelt. Ob Bleistiftzeichnung, Kohlezeichnung, Aquarellskizze oder abstrakte Gestaltung &#8211; die KI \u00fcbernimmt dabei die komplette Umwandlung und macht das Erstellen digitaler Kunst f\u00fcr jeden zug\u00e4nglich.<\/p> <\/div> <div class=\"schema-faq-section\" id=\"faq-question-1684837025108\"><strong class=\"schema-faq-question\">2. Ist die Umwandlung von Fotos in Zeichnungen kostenlos?<\/strong> <p class=\"schema-faq-answer\">Ja. Mit dem t\u00e4glich verf\u00fcgbaren Guthaben von Artguru k\u00f6nnen Sie Ihre Bilder v\u00f6llig kostenlos in Zeichnungen umwandeln.<\/p> <\/div> <div class=\"schema-faq-section\" id=\"faq-question-1684837036705\"><strong class=\"schema-faq-question\">3. Kann ich die KI-erstellte Zeichnung mit Textbeschreibungen individuell anpassen?<\/strong> <p class=\"schema-faq-answer\">Ja, Sie k\u00f6nnen mit einfachen Textbeschreibungen verschiedene Elemente Ihrer Zeichnung anpassen &#8211; zum Beispiel Augen, Frisur, Kleidung, H\u00e4nde und vieles mehr.<\/p> <\/div> <div class=\"schema-faq-section\" id=\"faq-question-1745911197571\"><strong class=\"schema-faq-question\">4. Wie schnell wird mein Foto in eine Zeichnung umgewandelt?<\/strong> <p class=\"schema-faq-answer\">Die Umwandlung dauert nur wenige Sekunden.<\/p> <\/div> <\/div>\n\n\n\n<h2> KI-Werkzeuge entdecken<\/h2>\n\n\n\n<div class=\"wp-block-columns alignfull has-text-color has-background\" style=\"background-color:#ffffff;color:#000000\">\n<div class=\"wp-block-column\">\n<figure class=\"wp-block-image size-full\"><a href=\"https:\/\/www.artguru.ai\/de\/ai-text-to-image-generator\/\" target=\"_blank\" rel=\"noopener\"><img src=\"https:\/\/img.mbwpai.com\/www.artguru.ai\/sites\/36\/2025\/02\/10104952\/artguru-text-to-image-banner.png\" alt=\"\" class=\"wp-image-1561\" \/><\/a><\/figure>\n\n\n\n<h5 class=\"has-text-align-center wp-block-heading\"><a href=\"https:\/\/www.artguru.ai\/de\/ai-text-to-image-generator\/\" target=\"_blank\" rel=\"noreferrer noopener\">KI-Bildgenerator<\/a><\/h5>\n\n\n\n<p class=\"has-text-align-center\">Erschaffe Bilder mit k\u00fcnstlicher Intelligenz aus Textbeschreibungen.<\/p>\n<\/div>\n\n\n\n<div class=\"wp-block-column\">\n<figure class=\"wp-block-image size-full\"><a href=\"https:\/\/www.artguru.ai\/de\/background-remover\/\" target=\"_blank\" rel=\"noopener\"><img src=\"https:\/\/img.mbwpai.com\/www.artguru.ai\/sites\/36\/2025\/02\/10104512\/remove-bg-banner.png\" alt=\"\" class=\"wp-image-1576\" \/><\/a><\/figure>\n\n\n\n<h5 class=\"has-text-align-center wp-block-heading\"><a href=\"https:\/\/www.artguru.ai\/de\/background-remover\/\" target=\"_blank\" rel=\"noreferrer noopener\">Hintergrund-Entfernung<\/a><\/h5>\n\n\n\n<p class=\"has-text-align-center\">Automatische Hintergrund-Entfernung mit nur einem Klick.<\/p>\n<\/div>\n\n\n\n<div class=\"wp-block-column\">\n<figure class=\"wp-block-image size-large\"><a href=\"https:\/\/www.artguru.ai\/de\/remove-object-from-photo\/\" target=\"_blank\" rel=\"noopener\"><img src=\"https:\/\/img.mbwpai.com\/www.artguru.ai\/sites\/37\/2024\/11\/06103938\/artguru-ai-magic-eraser.png\" alt=\"\" \/><\/a><\/figure>\n\n\n\n<h5 class=\"has-text-align-center wp-block-heading\"><a href=\"https:\/\/www.artguru.ai\/de\/remove-object-from-photo\/\" target=\"_blank\" rel=\"noreferrer noopener\">KI-Retuscher<\/a><\/h5>\n\n\n\n<p class=\"has-text-align-center\">Entferne st\u00f6rende Objekte, Personen oder Texte aus deinen Fotos.<\/p>\n<\/div>\n<\/div>\n<\/div><\/div>\n<style>.wp-container-6a08ffab2ad76 .alignleft { float: left; margin-right: 2em; }.wp-container-6a08ffab2ad76 .alignright { float: right; margin-left: 2em; }<\/style>\n\n\n<p><\/p>\n","protected":false},"excerpt":{"rendered":"<p>Kostenlos und ohne Anmeldung Artguru Bilder kostenlos in Skizzen verwandeln &#8211; keine Registrierung n\u00f6tig Moderne KI-Technologie Artgurus KI verwandelt Ihre Fotos blitzschnell in kunstvolle Skizzen Freie Verwendung Ihre Skizzen herunterladen, in sozialen Medien teilen oder als pers\u00f6nliches Geschenk verwenden Keine Vorkenntnisse n\u00f6tig Verwandeln Sie Ihre Fotos ganz einfach in k\u00fcnstlerische Skizzen &#8211; auch ohne jegliche [&hellip;]<\/p>\n","protected":false},"author":3,"featured_media":0,"parent":0,"menu_order":0,"comment_status":"closed","ping_status":"closed","template":"customPage.php","meta":[],"yoast_head":"<!-- This site is optimized with the Yoast SEO plugin v17.4 - https:\/\/yoast.com\/wordpress\/plugins\/seo\/ -->\n<title>Foto in Zeichnung umwandeln: Bilder online in Skizzen verwandeln<\/title>\n<meta name=\"description\" content=\"Foto in Zeichnung umwandeln, erstellen Sie online schnell kunstvolle Skizzen - keine Anmeldung n\u00f6tig\" \/>\n<meta name=\"robots\" content=\"index, follow, max-snippet:-1, max-image-preview:large, max-video-preview:-1\" \/>\n<link rel=\"canonical\" href=\"https:\/\/www.artguru.ai\/blogs-de\/photo-to-sketch\/\" \/>\n<meta property=\"og:locale\" content=\"en_US\" \/>\n<meta property=\"og:type\" content=\"article\" \/>\n<meta property=\"og:title\" content=\"Foto in Zeichnung umwandeln: Bilder online in Skizzen verwandeln\" \/>\n<meta property=\"og:description\" content=\"Foto in Zeichnung umwandeln, erstellen Sie online schnell kunstvolle Skizzen - keine Anmeldung n\u00f6tig\" \/>\n<meta property=\"og:url\" content=\"https:\/\/www.artguru.ai\/blogs-de\/photo-to-sketch\/\" \/>\n<meta property=\"og:site_name\" content=\"www.artguru.ai\/blogs-de\" \/>\n<meta property=\"article:modified_time\" content=\"2025-05-08T04:35:32+00:00\" \/>\n<meta property=\"og:image\" content=\"https:\/\/img.mbwpai.com\/www.artguru.ai\/sites\/37\/2025\/04\/29072056\/Convert-Photo-to-Sketch.webp\" \/>\n<meta name=\"twitter:card\" content=\"summary_large_image\" \/>\n<meta name=\"twitter:label1\" content=\"Est. reading time\" \/>\n\t<meta name=\"twitter:data1\" content=\"5 minutes\" \/>\n<script type=\"application\/ld+json\" class=\"yoast-schema-graph\">{\"@context\":\"https:\/\/schema.org\",\"@graph\":[{\"@type\":\"WebSite\",\"@id\":\"https:\/\/www.artguru.ai\/blogs-de\/#website\",\"url\":\"https:\/\/www.artguru.ai\/blogs-de\/\",\"name\":\"www.artguru.ai\/blogs-de\",\"description\":\"Just another www.artguru.ai site\",\"potentialAction\":[{\"@type\":\"SearchAction\",\"target\":{\"@type\":\"EntryPoint\",\"urlTemplate\":\"https:\/\/www.artguru.ai\/blogs-de\/?s={search_term_string}\"},\"query-input\":\"required name=search_term_string\"}],\"inLanguage\":\"en-US\"},{\"@type\":\"ImageObject\",\"@id\":\"https:\/\/www.artguru.ai\/blogs-de\/photo-to-sketch\/#primaryimage\",\"inLanguage\":\"en-US\",\"url\":\"https:\/\/img.mbwpai.com\/www.artguru.ai\/sites\/37\/2025\/04\/29072056\/Convert-Photo-to-Sketch.webp\",\"contentUrl\":\"https:\/\/img.mbwpai.com\/www.artguru.ai\/sites\/37\/2025\/04\/29072056\/Convert-Photo-to-Sketch.webp\"},{\"@type\":[\"WebPage\",\"FAQPage\"],\"@id\":\"https:\/\/www.artguru.ai\/blogs-de\/photo-to-sketch\/#webpage\",\"url\":\"https:\/\/www.artguru.ai\/blogs-de\/photo-to-sketch\/\",\"name\":\"Foto in Zeichnung umwandeln: Bilder online in Skizzen verwandeln\",\"isPartOf\":{\"@id\":\"https:\/\/www.artguru.ai\/blogs-de\/#website\"},\"primaryImageOfPage\":{\"@id\":\"https:\/\/www.artguru.ai\/blogs-de\/photo-to-sketch\/#primaryimage\"},\"datePublished\":\"2025-05-08T04:35:31+00:00\",\"dateModified\":\"2025-05-08T04:35:32+00:00\",\"description\":\"Foto in Zeichnung umwandeln, erstellen Sie online schnell kunstvolle Skizzen - keine Anmeldung n\\u00f6tig\",\"breadcrumb\":{\"@id\":\"https:\/\/www.artguru.ai\/blogs-de\/photo-to-sketch\/#breadcrumb\"},\"mainEntity\":[{\"@id\":\"https:\/\/www.artguru.ai\/blogs-de\/photo-to-sketch\/#faq-question-1684836961394\"},{\"@id\":\"https:\/\/www.artguru.ai\/blogs-de\/photo-to-sketch\/#faq-question-1684837025108\"},{\"@id\":\"https:\/\/www.artguru.ai\/blogs-de\/photo-to-sketch\/#faq-question-1684837036705\"},{\"@id\":\"https:\/\/www.artguru.ai\/blogs-de\/photo-to-sketch\/#faq-question-1745911197571\"}],\"inLanguage\":\"en-US\",\"potentialAction\":[{\"@type\":\"ReadAction\",\"target\":[\"https:\/\/www.artguru.ai\/blogs-de\/photo-to-sketch\/\"]}]},{\"@type\":\"BreadcrumbList\",\"@id\":\"https:\/\/www.artguru.ai\/blogs-de\/photo-to-sketch\/#breadcrumb\",\"itemListElement\":[{\"@type\":\"ListItem\",\"position\":1,\"name\":\"Blog\",\"item\":\"https:\/\/www.artguru.ai\/blogs-de\/\"},{\"@type\":\"ListItem\",\"position\":2,\"name\":\"Bild in Zeichnung umwandeln\"}]},{\"@type\":\"Question\",\"@id\":\"https:\/\/www.artguru.ai\/blogs-de\/photo-to-sketch\/#faq-question-1684836961394\",\"position\":1,\"url\":\"https:\/\/www.artguru.ai\/blogs-de\/photo-to-sketch\/#faq-question-1684836961394\",\"name\":\"1. Was ist ein KI-gest\\u00fctzter Bildbearbeiter f\\u00fcr Skizzen?\",\"answerCount\":1,\"acceptedAnswer\":{\"@type\":\"Answer\",\"text\":\"Ein KI-gest\\u00fctzter Bildbearbeiter ist eine moderne Technologie, die mithilfe k\\u00fcnstlicher Intelligenz Ihre Fotos in verschiedene k\\u00fcnstlerische Stile verwandelt. Ob Bleistiftzeichnung, Kohlezeichnung, Aquarellskizze oder abstrakte Gestaltung - die KI \\u00fcbernimmt dabei die komplette Umwandlung und macht das Erstellen digitaler Kunst f\\u00fcr jeden zug\\u00e4nglich.\",\"inLanguage\":\"en-US\"},\"inLanguage\":\"en-US\"},{\"@type\":\"Question\",\"@id\":\"https:\/\/www.artguru.ai\/blogs-de\/photo-to-sketch\/#faq-question-1684837025108\",\"position\":2,\"url\":\"https:\/\/www.artguru.ai\/blogs-de\/photo-to-sketch\/#faq-question-1684837025108\",\"name\":\"2. Ist die Umwandlung von Fotos in Zeichnungen kostenlos?\",\"answerCount\":1,\"acceptedAnswer\":{\"@type\":\"Answer\",\"text\":\"Ja. Mit dem t\\u00e4glich verf\\u00fcgbaren Guthaben von Artguru k\\u00f6nnen Sie Ihre Bilder v\\u00f6llig kostenlos in Zeichnungen umwandeln.\",\"inLanguage\":\"en-US\"},\"inLanguage\":\"en-US\"},{\"@type\":\"Question\",\"@id\":\"https:\/\/www.artguru.ai\/blogs-de\/photo-to-sketch\/#faq-question-1684837036705\",\"position\":3,\"url\":\"https:\/\/www.artguru.ai\/blogs-de\/photo-to-sketch\/#faq-question-1684837036705\",\"name\":\"3. Kann ich die KI-erstellte Zeichnung mit Textbeschreibungen individuell anpassen?\",\"answerCount\":1,\"acceptedAnswer\":{\"@type\":\"Answer\",\"text\":\"Ja, Sie k\\u00f6nnen mit einfachen Textbeschreibungen verschiedene Elemente Ihrer Zeichnung anpassen - zum Beispiel Augen, Frisur, Kleidung, H\\u00e4nde und vieles mehr.\",\"inLanguage\":\"en-US\"},\"inLanguage\":\"en-US\"},{\"@type\":\"Question\",\"@id\":\"https:\/\/www.artguru.ai\/blogs-de\/photo-to-sketch\/#faq-question-1745911197571\",\"position\":4,\"url\":\"https:\/\/www.artguru.ai\/blogs-de\/photo-to-sketch\/#faq-question-1745911197571\",\"name\":\"4. Wie schnell wird mein Foto in eine Zeichnung umgewandelt?\",\"answerCount\":1,\"acceptedAnswer\":{\"@type\":\"Answer\",\"text\":\"Die Umwandlung dauert nur wenige Sekunden.\",\"inLanguage\":\"en-US\"},\"inLanguage\":\"en-US\"}]}<\/script>\n<!-- \/ Yoast SEO plugin. -->","yoast_head_json":{"title":"Foto in Zeichnung umwandeln: Bilder online in Skizzen verwandeln","description":"Foto in Zeichnung umwandeln, erstellen Sie online schnell kunstvolle Skizzen - keine Anmeldung n\u00f6tig","robots":{"index":"index","follow":"follow","max-snippet":"max-snippet:-1","max-image-preview":"max-image-preview:large","max-video-preview":"max-video-preview:-1"},"canonical":"https:\/\/www.artguru.ai\/blogs-de\/photo-to-sketch\/","og_locale":"en_US","og_type":"article","og_title":"Foto in Zeichnung umwandeln: Bilder online in Skizzen verwandeln","og_description":"Foto in Zeichnung umwandeln, erstellen Sie online schnell kunstvolle Skizzen - keine Anmeldung n\u00f6tig","og_url":"https:\/\/www.artguru.ai\/blogs-de\/photo-to-sketch\/","og_site_name":"www.artguru.ai\/blogs-de","article_modified_time":"2025-05-08T04:35:32+00:00","og_image":[{"url":"https:\/\/img.mbwpai.com\/www.artguru.ai\/sites\/37\/2025\/04\/29072056\/Convert-Photo-to-Sketch.webp"}],"twitter_card":"summary_large_image","twitter_misc":{"Est. reading time":"5 minutes"},"schema":{"@context":"https:\/\/schema.org","@graph":[{"@type":"WebSite","@id":"https:\/\/www.artguru.ai\/blogs-de\/#website","url":"https:\/\/www.artguru.ai\/blogs-de\/","name":"www.artguru.ai\/blogs-de","description":"Just another www.artguru.ai site","potentialAction":[{"@type":"SearchAction","target":{"@type":"EntryPoint","urlTemplate":"https:\/\/www.artguru.ai\/blogs-de\/?s={search_term_string}"},"query-input":"required name=search_term_string"}],"inLanguage":"en-US"},{"@type":"ImageObject","@id":"https:\/\/www.artguru.ai\/blogs-de\/photo-to-sketch\/#primaryimage","inLanguage":"en-US","url":"https:\/\/img.mbwpai.com\/www.artguru.ai\/sites\/37\/2025\/04\/29072056\/Convert-Photo-to-Sketch.webp","contentUrl":"https:\/\/img.mbwpai.com\/www.artguru.ai\/sites\/37\/2025\/04\/29072056\/Convert-Photo-to-Sketch.webp"},{"@type":["WebPage","FAQPage"],"@id":"https:\/\/www.artguru.ai\/blogs-de\/photo-to-sketch\/#webpage","url":"https:\/\/www.artguru.ai\/blogs-de\/photo-to-sketch\/","name":"Foto in Zeichnung umwandeln: Bilder online in Skizzen verwandeln","isPartOf":{"@id":"https:\/\/www.artguru.ai\/blogs-de\/#website"},"primaryImageOfPage":{"@id":"https:\/\/www.artguru.ai\/blogs-de\/photo-to-sketch\/#primaryimage"},"datePublished":"2025-05-08T04:35:31+00:00","dateModified":"2025-05-08T04:35:32+00:00","description":"Foto in Zeichnung umwandeln, erstellen Sie online schnell kunstvolle Skizzen - keine Anmeldung n\u00f6tig","breadcrumb":{"@id":"https:\/\/www.artguru.ai\/blogs-de\/photo-to-sketch\/#breadcrumb"},"mainEntity":[{"@id":"https:\/\/www.artguru.ai\/blogs-de\/photo-to-sketch\/#faq-question-1684836961394"},{"@id":"https:\/\/www.artguru.ai\/blogs-de\/photo-to-sketch\/#faq-question-1684837025108"},{"@id":"https:\/\/www.artguru.ai\/blogs-de\/photo-to-sketch\/#faq-question-1684837036705"},{"@id":"https:\/\/www.artguru.ai\/blogs-de\/photo-to-sketch\/#faq-question-1745911197571"}],"inLanguage":"en-US","potentialAction":[{"@type":"ReadAction","target":["https:\/\/www.artguru.ai\/blogs-de\/photo-to-sketch\/"]}]},{"@type":"BreadcrumbList","@id":"https:\/\/www.artguru.ai\/blogs-de\/photo-to-sketch\/#breadcrumb","itemListElement":[{"@type":"ListItem","position":1,"name":"Blog","item":"https:\/\/www.artguru.ai\/blogs-de\/"},{"@type":"ListItem","position":2,"name":"Bild in Zeichnung umwandeln"}]},{"@type":"Question","@id":"https:\/\/www.artguru.ai\/blogs-de\/photo-to-sketch\/#faq-question-1684836961394","position":1,"url":"https:\/\/www.artguru.ai\/blogs-de\/photo-to-sketch\/#faq-question-1684836961394","name":"1. Was ist ein KI-gest\u00fctzter Bildbearbeiter f\u00fcr Skizzen?","answerCount":1,"acceptedAnswer":{"@type":"Answer","text":"Ein KI-gest\u00fctzter Bildbearbeiter ist eine moderne Technologie, die mithilfe k\u00fcnstlicher Intelligenz Ihre Fotos in verschiedene k\u00fcnstlerische Stile verwandelt. Ob Bleistiftzeichnung, Kohlezeichnung, Aquarellskizze oder abstrakte Gestaltung - die KI \u00fcbernimmt dabei die komplette Umwandlung und macht das Erstellen digitaler Kunst f\u00fcr jeden zug\u00e4nglich.","inLanguage":"en-US"},"inLanguage":"en-US"},{"@type":"Question","@id":"https:\/\/www.artguru.ai\/blogs-de\/photo-to-sketch\/#faq-question-1684837025108","position":2,"url":"https:\/\/www.artguru.ai\/blogs-de\/photo-to-sketch\/#faq-question-1684837025108","name":"2. Ist die Umwandlung von Fotos in Zeichnungen kostenlos?","answerCount":1,"acceptedAnswer":{"@type":"Answer","text":"Ja. Mit dem t\u00e4glich verf\u00fcgbaren Guthaben von Artguru k\u00f6nnen Sie Ihre Bilder v\u00f6llig kostenlos in Zeichnungen umwandeln.","inLanguage":"en-US"},"inLanguage":"en-US"},{"@type":"Question","@id":"https:\/\/www.artguru.ai\/blogs-de\/photo-to-sketch\/#faq-question-1684837036705","position":3,"url":"https:\/\/www.artguru.ai\/blogs-de\/photo-to-sketch\/#faq-question-1684837036705","name":"3. Kann ich die KI-erstellte Zeichnung mit Textbeschreibungen individuell anpassen?","answerCount":1,"acceptedAnswer":{"@type":"Answer","text":"Ja, Sie k\u00f6nnen mit einfachen Textbeschreibungen verschiedene Elemente Ihrer Zeichnung anpassen - zum Beispiel Augen, Frisur, Kleidung, H\u00e4nde und vieles mehr.","inLanguage":"en-US"},"inLanguage":"en-US"},{"@type":"Question","@id":"https:\/\/www.artguru.ai\/blogs-de\/photo-to-sketch\/#faq-question-1745911197571","position":4,"url":"https:\/\/www.artguru.ai\/blogs-de\/photo-to-sketch\/#faq-question-1745911197571","name":"4. Wie schnell wird mein Foto in eine Zeichnung umgewandelt?","answerCount":1,"acceptedAnswer":{"@type":"Answer","text":"Die Umwandlung dauert nur wenige Sekunden.","inLanguage":"en-US"},"inLanguage":"en-US"}]}},"_links":{"self":[{"href":"https:\/\/www.artguru.ai\/blogs-de\/wp-json\/wp\/v2\/pages\/168"}],"collection":[{"href":"https:\/\/www.artguru.ai\/blogs-de\/wp-json\/wp\/v2\/pages"}],"about":[{"href":"https:\/\/www.artguru.ai\/blogs-de\/wp-json\/wp\/v2\/types\/page"}],"author":[{"embeddable":true,"href":"https:\/\/www.artguru.ai\/blogs-de\/wp-json\/wp\/v2\/users\/3"}],"replies":[{"embeddable":true,"href":"https:\/\/www.artguru.ai\/blogs-de\/wp-json\/wp\/v2\/comments?post=168"}],"version-history":[{"count":6,"href":"https:\/\/www.artguru.ai\/blogs-de\/wp-json\/wp\/v2\/pages\/168\/revisions"}],"predecessor-version":[{"id":174,"href":"https:\/\/www.artguru.ai\/blogs-de\/wp-json\/wp\/v2\/pages\/168\/revisions\/174"}],"wp:attachment":[{"href":"https:\/\/www.artguru.ai\/blogs-de\/wp-json\/wp\/v2\/media?parent=168"}],"curies":[{"name":"wp","href":"https:\/\/api.w.org\/{rel}","templated":true}]}}